{"id":794,"date":"2021-07-28T06:51:28","date_gmt":"2021-07-28T04:51:28","guid":{"rendered":"https:\/\/www.sprachschule-aktiv.com\/?page_id=794"},"modified":"2021-07-28T06:51:28","modified_gmt":"2021-07-28T04:51:28","slug":"deutschkurs-online-in-dortmund","status":"publish","type":"page","link":"https:\/\/www.sprachschule-aktiv.com\/online-sprachkurse\/deutschkurs-online-in-dortmund\/","title":{"rendered":"Deutschkurs Online in Dortmund &#8211; Online Deutsch lernen"},"content":{"rendered":"<p>Deutschkurs Online in Dortmund f\u00fcr Anf\u00e4nger und Fortgeschrittene von A1 bis C2. Besuchen Sie unseren Deutschunterricht online in Dortmund und freuen Sie sich \u00fcber Extras, die Ihren Deutschkurs via Internet begleiten. Dazu geh\u00f6ren eine gratis Schnupperstunde, ein aussagekr\u00e4ftiges Teilnehmerzertifikat und unsere Geld-zur\u00fcck-Garantie.<\/p>\n<img decoding=\"async\" class=\"alignnone size-medium wp-image-795\" src=\"https:\/\/www.sprachschule-aktiv.com\/wp-content\/uploads\/2021\/07\/deutschkurs-online-in-dortmund-300x200.jpg\" alt=\"Deutschkurs Online in Dortmund von A1 bis C2\" width=\"300\" height=\"200\" \/>\n<h2>Deutsch online lernen in Dortmund mit Onlineprofis<\/h2>\n<p>In unseren Deutschkursen in Dortmund lernen Sie die Sprache mit ausgebildeten Muttersprachlern. Diese haben einen Hochschulabschluss in Germanistik oder P\u00e4dagogik und jahrelange Erfahrung in der Didaktik. Dar\u00fcber hinaus kennen Sie sich sehr gut mit verschiedenen Online-Tools aus und nutzen diese, um Ihnen einen professionellen Deutschunterricht zu erteilen.<\/p>\n<a href=\"https:\/\/www.sprachschule-aktiv.com\/online-sprachkurse\/kontaktieren-sie-uns\/\"><img decoding=\"async\" class=\"alignnone wp-image-375 size-full\" src=\"https:\/\/www.sprachschule-aktiv.com\/wp-content\/uploads\/2021\/03\/anfrage-sprachkurs.png\" alt=\"Anfrage Sprachkurs\" width=\"164\" height=\"55\" \/><\/a>\n<h2>Deutschkurse online in Dortmund f\u00fcr Anf\u00e4nger und Fortgeschrittene<\/h2>\n<p>Alle unsere Deutschkurse k\u00f6nnen Sie als Anf\u00e4nger und als Fortgeschrittener buchen. Haben Sie noch nie Deutsch gelernt, beginnen Sie mit dem Anf\u00e4ngerniveau A1. Allen anderen Interessenten empfehlen wir unseren <a href=\"https:\/\/www.sprachschule-aktiv.com\/einstufungstest-online\/\">kostenlosen Einstufungstest<\/a>, der Ihnen sagt, welche Lernstufe Sie buchen sollten. Gerne beraten wir Sie auch in einem pers\u00f6nlichen Gespr\u00e4ch.<\/p>\n<h2>Was sind die Kosten und Konditionen der Deutsch Onlinekurse?<\/h2>\n<p>Sie haben die Wahl zwischen vier verschiedenen Modellen. Alle Unterrichtseinheiten betragen 45 Minuten.<\/p>\n<h2>Schn\u00e4ppchen \u2013 Online Deutschkurs<\/h2>\n<p>Der Deutschkurs dauert 4 Wochen und kostet 319 Euro.<\/p>\n<p><strong>Termine:<\/strong> Montag bis Donnerstag von 9:00 bis 12:00 Uhr<\/p>\n<p><strong>Kursbeginn mit Vorkenntnissen:<\/strong> jederzeit m\u00f6glich<\/p>\n<p><strong>Starttermine:<\/strong> am ersten Monat im Monat<\/p>\n<a href=\"https:\/\/www.sprachschule-aktiv.com\/online-sprachkurse\/anmeldung-sprachschule\/\"><img decoding=\"async\" class=\"alignnone wp-image-376 size-full\" src=\"https:\/\/www.sprachschule-aktiv.com\/wp-content\/uploads\/2021\/03\/jetzt-sprachkurs-buchen.png\" alt=\"Anmeldung Sprachkurs\" width=\"239\" height=\"62\" \/><\/a>\n<h2>Deutsch-Intensivkurs Online<\/h2>\n<p>Unsere Intensivkurse finden von Montag bis Freitag statt. Der Unterricht beginnt um 09:00 Uhr und endet gegen 12:00 Uhr. Der Kurs dauert zwischen einer und vier Wochen. Alle Niveaus von A1 bis C2<\/p>\n<p><strong>Preise:<\/strong><\/p>\n<p>Eine Woche Online Deutsch Intensivkurs kostet 199 Euro.<\/p>\n<p>Zwei Wochen kosten 349 Euro.<\/p>\n<p>Drei Wochen kosten 411 Euro.<\/p>\n<p>Vier Wochen kosten 499 Euro.<\/p>\n<a href=\"https:\/\/www.sprachschule-aktiv.com\/online-sprachkurse\/anmeldung-sprachschule\/\"><img decoding=\"async\" class=\"alignnone wp-image-376 size-full\" src=\"https:\/\/www.sprachschule-aktiv.com\/wp-content\/uploads\/2021\/03\/jetzt-sprachkurs-buchen.png\" alt=\"Anmeldung Sprachkurs\" width=\"239\" height=\"62\" \/><\/a>\n<h2>Deutsch online lernen am Abend &#8211; Gruppenkurse<\/h2>\n<p>Unsere Gruppenkurse finden ein Mal pro Woche statt. Gruppenkurse bestehen immer aus einer Doppelstunde (90 Minuten)<\/p>\n<p><strong>Kursdauer:<\/strong> 12 Wochen \/ 90 Min. pro Woche Alle Niveaus: f\u00fcr Anf\u00e4nger oder Fortgeschrittene (A1 bis C2)<\/p>\n<p><strong>Preis:<\/strong> 279.- EUR<\/p>\n<p><strong>Beginn:<\/strong> am ersten Montag im Monat<\/p>\n<p><strong>Termine:<\/strong> Jeden Montag von 19:00 bis 20:30 Uhr<\/p>\n<a href=\"https:\/\/www.sprachschule-aktiv.com\/online-sprachkurse\/anmeldung-sprachschule\/\"><img decoding=\"async\" class=\"alignnone wp-image-376 size-full\" src=\"https:\/\/www.sprachschule-aktiv.com\/wp-content\/uploads\/2021\/03\/jetzt-sprachkurs-buchen.png\" alt=\"Anmeldung Sprachkurs\" width=\"239\" height=\"62\" \/><\/a>\n<h2>Online Privatkurs f\u00fcr Deutsch<\/h2>\n<p><strong>Beginn und Termine:<\/strong> jederzeit nach Vereinbarung m\u00f6glich!<\/p>\n<ul>\n<li>Bei 1 bis 19 Unterrichtsstunden 42 EUR pro Stunde<\/li>\n<li>Ab20 bis 29 Unterrichtsstunden verringert sich der Preis auf 40 EUR pro Stunde<\/li>\n<li>Ab 30 und mehr Unterrichtsstunden nur noch 38 EUR pro Stunde<\/li>\n<\/ul>\n<p><strong>Unser Sonderangebot:<\/strong> Bringen Sie doch bis zu zwei Freunde mit. Die Kursgeb\u00fchr ver\u00e4ndert sich nicht.<\/p>\n<a href=\"https:\/\/www.sprachschule-aktiv.com\/online-sprachkurse\/anmeldung-sprachschule\/\"><img decoding=\"async\" class=\"alignnone wp-image-376 size-full\" src=\"https:\/\/www.sprachschule-aktiv.com\/wp-content\/uploads\/2021\/03\/jetzt-sprachkurs-buchen.png\" alt=\"Anmeldung Sprachkurs\" width=\"239\" height=\"62\" \/><\/a>\n<h2>Deutsch Firmenkurs Online<\/h2>\n<p>Kursbeginn und Termine k\u00f6nnen frei vereinbart werden und sind jederzeit m\u00f6glich.<\/p>\n<p><strong>Preise f\u00fcr 1 bis 10 Teilnehmer:<\/strong><\/p>\n<p>\u2013 Bis 29 Unterrichtsstunden kostet eine Stunde 49 Euro<\/p>\n<p>\u2013 Ab 30 Stunden kostet die Unterrichtsstunde nur noch 45 Euro<\/p>\n<a href=\"https:\/\/www.sprachschule-aktiv.com\/online-sprachkurse\/anmeldung-sprachschule\/\"><img decoding=\"async\" class=\"alignnone wp-image-376 size-full\" src=\"https:\/\/www.sprachschule-aktiv.com\/wp-content\/uploads\/2021\/03\/jetzt-sprachkurs-buchen.png\" alt=\"Anmeldung Sprachkurs\" width=\"239\" height=\"62\" \/><\/a>\n<h2>Effektive Onlinekurse f\u00fcr Deutsch durch Kleingruppen<\/h2>\n<p>In unseren Online-Kursen kommt jeder zu Wort, denn wir lassen nicht mehr als insgesamt zehn Teilnehmer zu. Das geh\u00f6rt zu unseren Qualit\u00e4tskontrollen, da auf diese Weise gew\u00e4hrleistet ist, dass der Sprachdozent f\u00fcr Deutsch sich tats\u00e4chlich um alle Deutschlerner k\u00fcmmern kann und Sie nicht nur ein kleines Bild auf einem gro\u00dfen Monitor sind.<\/p>\n","protected":false},"excerpt":{"rendered":"<p>Deutschkurs Online in Dortmund f\u00fcr Anf\u00e4nger und Fortgeschrittene von A1 bis C2. Besuchen Sie unseren Deutschunterricht online in Dortmund und freuen Sie sich \u00fcber Extras, die Ihren Deutschkurs via Internet begleiten. Dazu geh\u00f6ren eine gratis Schnupperstunde, ein aussagekr\u00e4ftiges Teilnehmerzertifikat und unsere Geld-zur\u00fcck-Garantie. Deutsch online lernen in Dortmund mit Onlineprofis In unseren Deutschkursen in Dortmund lernen&hellip; <a class=\"read-more\" href=\"https:\/\/www.sprachschule-aktiv.com\/online-sprachkurse\/deutschkurs-online-in-dortmund\/\" title=\"Read Deutschkurs Online in Dortmund &#8211; Online Deutsch lernen\">Read more &raquo;<\/a><\/p>\n","protected":false},"author":1,"featured_media":0,"parent":0,"menu_order":0,"comment_status":"closed","ping_status":"closed","template":"","meta":{"footnotes":""},"class_list":["post-794","page","type-page","status-publish","hentry"],"yoast_head":"<!-- This site is optimized with the Yoast SEO plugin v27.1.1 - https:\/\/yoast.com\/product\/yoast-seo-wordpress\/ -->\n<title>Deutschkurs Online in Dortmund - Online Deutsch lernen A1 bis C2<\/title>\n<meta name=\"description\" content=\"Deutsch lernen online f\u00fcr A1, A2, B1, B2, C1, C2. Gratis Schnupperstunde und Einstufung. Onlinekurse: Privat-, Intensiv- &amp; Abendkurse.\" \/>\n<meta name=\"robots\" content=\"index, follow, max-snippet:-1, max-image-preview:large, max-video-preview:-1\" \/>\n<link rel=\"canonical\" href=\"https:\/\/www.sprachschule-aktiv.com\/online-sprachkurse\/deutschkurs-online-in-dortmund\/\" \/>\n<meta property=\"og:locale\" content=\"de_DE\" \/>\n<meta property=\"og:type\" content=\"article\" \/>\n<meta property=\"og:title\" content=\"Deutschkurs Online in Dortmund - Online Deutsch lernen A1 bis C2\" \/>\n<meta property=\"og:description\" content=\"Deutsch lernen online f\u00fcr A1, A2, B1, B2, C1, C2. Gratis Schnupperstunde und Einstufung. Onlinekurse: Privat-, Intensiv- &amp; Abendkurse.\" \/>\n<meta property=\"og:url\" content=\"https:\/\/www.sprachschule-aktiv.com\/online-sprachkurse\/deutschkurs-online-in-dortmund\/\" \/>\n<meta property=\"og:site_name\" content=\"Online Sprachkurse\" \/>\n<meta property=\"og:image\" content=\"https:\/\/www.sprachschule-aktiv.com\/wp-content\/uploads\/2021\/07\/deutschkurs-online-in-dortmund-300x200.jpg\" \/>\n<meta name=\"twitter:card\" content=\"summary_large_image\" \/>\n<meta name=\"twitter:label1\" content=\"Gesch\u00e4tzte Lesezeit\" \/>\n\t<meta name=\"twitter:data1\" content=\"4\u00a0Minuten\" \/>\n<script type=\"application\/ld+json\" class=\"yoast-schema-graph\">{\"@context\":\"https:\/\/schema.org\",\"@graph\":[{\"@type\":\"WebPage\",\"@id\":\"https:\/\/www.sprachschule-aktiv.com\/online-sprachkurse\/deutschkurs-online-in-dortmund\/\",\"url\":\"https:\/\/www.sprachschule-aktiv.com\/online-sprachkurse\/deutschkurs-online-in-dortmund\/\",\"name\":\"Deutschkurs Online in Dortmund - Online Deutsch lernen A1 bis C2\",\"isPartOf\":{\"@id\":\"https:\/\/www.sprachschule-aktiv.com\/online-sprachkurse\/#website\"},\"primaryImageOfPage\":{\"@id\":\"https:\/\/www.sprachschule-aktiv.com\/online-sprachkurse\/deutschkurs-online-in-dortmund\/#primaryimage\"},\"image\":{\"@id\":\"https:\/\/www.sprachschule-aktiv.com\/online-sprachkurse\/deutschkurs-online-in-dortmund\/#primaryimage\"},\"thumbnailUrl\":\"https:\/\/www.sprachschule-aktiv.com\/wp-content\/uploads\/2021\/07\/deutschkurs-online-in-dortmund-300x200.jpg\",\"datePublished\":\"2021-07-28T04:51:28+00:00\",\"description\":\"Deutsch lernen online f\u00fcr A1, A2, B1, B2, C1, C2. Gratis Schnupperstunde und Einstufung. Onlinekurse: Privat-, Intensiv- & Abendkurse.\",\"breadcrumb\":{\"@id\":\"https:\/\/www.sprachschule-aktiv.com\/online-sprachkurse\/deutschkurs-online-in-dortmund\/#breadcrumb\"},\"inLanguage\":\"de\",\"potentialAction\":[{\"@type\":\"ReadAction\",\"target\":[\"https:\/\/www.sprachschule-aktiv.com\/online-sprachkurse\/deutschkurs-online-in-dortmund\/\"]}]},{\"@type\":\"ImageObject\",\"inLanguage\":\"de\",\"@id\":\"https:\/\/www.sprachschule-aktiv.com\/online-sprachkurse\/deutschkurs-online-in-dortmund\/#primaryimage\",\"url\":\"https:\/\/www.sprachschule-aktiv.com\/wp-content\/uploads\/2021\/07\/deutschkurs-online-in-dortmund-300x200.jpg\",\"contentUrl\":\"https:\/\/www.sprachschule-aktiv.com\/wp-content\/uploads\/2021\/07\/deutschkurs-online-in-dortmund-300x200.jpg\"},{\"@type\":\"BreadcrumbList\",\"@id\":\"https:\/\/www.sprachschule-aktiv.com\/online-sprachkurse\/deutschkurs-online-in-dortmund\/#breadcrumb\",\"itemListElement\":[{\"@type\":\"ListItem\",\"position\":1,\"name\":\"Startseite\",\"item\":\"https:\/\/www.sprachschule-aktiv.com\/online-sprachkurse\/\"},{\"@type\":\"ListItem\",\"position\":2,\"name\":\"Deutschkurs Online in Dortmund &#8211; Online Deutsch lernen\"}]},{\"@type\":\"WebSite\",\"@id\":\"https:\/\/www.sprachschule-aktiv.com\/online-sprachkurse\/#website\",\"url\":\"https:\/\/www.sprachschule-aktiv.com\/online-sprachkurse\/\",\"name\":\"Online Sprachkurse\",\"description\":\"\",\"potentialAction\":[{\"@type\":\"SearchAction\",\"target\":{\"@type\":\"EntryPoint\",\"urlTemplate\":\"https:\/\/www.sprachschule-aktiv.com\/online-sprachkurse\/?s={search_term_string}\"},\"query-input\":{\"@type\":\"PropertyValueSpecification\",\"valueRequired\":true,\"valueName\":\"search_term_string\"}}],\"inLanguage\":\"de\"}]}<\/script>\n<!-- \/ Yoast SEO plugin. -->","yoast_head_json":{"title":"Deutschkurs Online in Dortmund - Online Deutsch lernen A1 bis C2","description":"Deutsch lernen online f\u00fcr A1, A2, B1, B2, C1, C2. Gratis Schnupperstunde und Einstufung. Onlinekurse: Privat-, Intensiv- & Abendkurse.","robots":{"index":"index","follow":"follow","max-snippet":"max-snippet:-1","max-image-preview":"max-image-preview:large","max-video-preview":"max-video-preview:-1"},"canonical":"https:\/\/www.sprachschule-aktiv.com\/online-sprachkurse\/deutschkurs-online-in-dortmund\/","og_locale":"de_DE","og_type":"article","og_title":"Deutschkurs Online in Dortmund - Online Deutsch lernen A1 bis C2","og_description":"Deutsch lernen online f\u00fcr A1, A2, B1, B2, C1, C2. Gratis Schnupperstunde und Einstufung. Onlinekurse: Privat-, Intensiv- & Abendkurse.","og_url":"https:\/\/www.sprachschule-aktiv.com\/online-sprachkurse\/deutschkurs-online-in-dortmund\/","og_site_name":"Online Sprachkurse","og_image":[{"url":"https:\/\/www.sprachschule-aktiv.com\/wp-content\/uploads\/2021\/07\/deutschkurs-online-in-dortmund-300x200.jpg","type":"","width":"","height":""}],"twitter_card":"summary_large_image","twitter_misc":{"Gesch\u00e4tzte Lesezeit":"4\u00a0Minuten"},"schema":{"@context":"https:\/\/schema.org","@graph":[{"@type":"WebPage","@id":"https:\/\/www.sprachschule-aktiv.com\/online-sprachkurse\/deutschkurs-online-in-dortmund\/","url":"https:\/\/www.sprachschule-aktiv.com\/online-sprachkurse\/deutschkurs-online-in-dortmund\/","name":"Deutschkurs Online in Dortmund - Online Deutsch lernen A1 bis C2","isPartOf":{"@id":"https:\/\/www.sprachschule-aktiv.com\/online-sprachkurse\/#website"},"primaryImageOfPage":{"@id":"https:\/\/www.sprachschule-aktiv.com\/online-sprachkurse\/deutschkurs-online-in-dortmund\/#primaryimage"},"image":{"@id":"https:\/\/www.sprachschule-aktiv.com\/online-sprachkurse\/deutschkurs-online-in-dortmund\/#primaryimage"},"thumbnailUrl":"https:\/\/www.sprachschule-aktiv.com\/wp-content\/uploads\/2021\/07\/deutschkurs-online-in-dortmund-300x200.jpg","datePublished":"2021-07-28T04:51:28+00:00","description":"Deutsch lernen online f\u00fcr A1, A2, B1, B2, C1, C2. Gratis Schnupperstunde und Einstufung. Onlinekurse: Privat-, Intensiv- & Abendkurse.","breadcrumb":{"@id":"https:\/\/www.sprachschule-aktiv.com\/online-sprachkurse\/deutschkurs-online-in-dortmund\/#breadcrumb"},"inLanguage":"de","potentialAction":[{"@type":"ReadAction","target":["https:\/\/www.sprachschule-aktiv.com\/online-sprachkurse\/deutschkurs-online-in-dortmund\/"]}]},{"@type":"ImageObject","inLanguage":"de","@id":"https:\/\/www.sprachschule-aktiv.com\/online-sprachkurse\/deutschkurs-online-in-dortmund\/#primaryimage","url":"https:\/\/www.sprachschule-aktiv.com\/wp-content\/uploads\/2021\/07\/deutschkurs-online-in-dortmund-300x200.jpg","contentUrl":"https:\/\/www.sprachschule-aktiv.com\/wp-content\/uploads\/2021\/07\/deutschkurs-online-in-dortmund-300x200.jpg"},{"@type":"BreadcrumbList","@id":"https:\/\/www.sprachschule-aktiv.com\/online-sprachkurse\/deutschkurs-online-in-dortmund\/#breadcrumb","itemListElement":[{"@type":"ListItem","position":1,"name":"Startseite","item":"https:\/\/www.sprachschule-aktiv.com\/online-sprachkurse\/"},{"@type":"ListItem","position":2,"name":"Deutschkurs Online in Dortmund &#8211; Online Deutsch lernen"}]},{"@type":"WebSite","@id":"https:\/\/www.sprachschule-aktiv.com\/online-sprachkurse\/#website","url":"https:\/\/www.sprachschule-aktiv.com\/online-sprachkurse\/","name":"Online Sprachkurse","description":"","potentialAction":[{"@type":"SearchAction","target":{"@type":"EntryPoint","urlTemplate":"https:\/\/www.sprachschule-aktiv.com\/online-sprachkurse\/?s={search_term_string}"},"query-input":{"@type":"PropertyValueSpecification","valueRequired":true,"valueName":"search_term_string"}}],"inLanguage":"de"}]}},"_links":{"self":[{"href":"https:\/\/www.sprachschule-aktiv.com\/online-sprachkurse\/wp-json\/wp\/v2\/pages\/794","targetHints":{"allow":["GET"]}}],"collection":[{"href":"https:\/\/www.sprachschule-aktiv.com\/online-sprachkurse\/wp-json\/wp\/v2\/pages"}],"about":[{"href":"https:\/\/www.sprachschule-aktiv.com\/online-sprachkurse\/wp-json\/wp\/v2\/types\/page"}],"author":[{"embeddable":true,"href":"https:\/\/www.sprachschule-aktiv.com\/online-sprachkurse\/wp-json\/wp\/v2\/users\/1"}],"replies":[{"embeddable":true,"href":"https:\/\/www.sprachschule-aktiv.com\/online-sprachkurse\/wp-json\/wp\/v2\/comments?post=794"}],"version-history":[{"count":0,"href":"https:\/\/www.sprachschule-aktiv.com\/online-sprachkurse\/wp-json\/wp\/v2\/pages\/794\/revisions"}],"wp:attachment":[{"href":"https:\/\/www.sprachschule-aktiv.com\/online-sprachkurse\/wp-json\/wp\/v2\/media?parent=794"}],"curies":[{"name":"wp","href":"https:\/\/api.w.org\/{rel}","templated":true}]}}