{"id":2224,"date":"2024-11-05T09:58:32","date_gmt":"2024-11-05T08:58:32","guid":{"rendered":"https:\/\/www.sprachschule-aktiv.com\/online-sprachkurse\/?page_id=2224"},"modified":"2024-11-05T09:59:52","modified_gmt":"2024-11-05T08:59:52","slug":"blog","status":"publish","type":"page","link":"https:\/\/www.sprachschule-aktiv.com\/online-sprachkurse\/blog\/","title":{"rendered":"Blog \u00fcber Deutschkurse \u2013 Tipps f\u00fcr Ihr Sprachenlernen"},"content":{"rendered":"<p>[vc_row css=&#8221;.vc_custom_1730797165406{margin-top: 40px !important;}&#8221;][vc_column][vc_column_text]Willkommen in unserem Blog \u00fcber Deutschkurse! Hier finden Sie n\u00fctzliche Tipps, Lernstrategien und Ressourcen, um Ihre Deutschkenntnisse zu verbessern. Lesen Sie Artikel \u00fcber effektive Lernmethoden, kulturelle Einblicke und pers\u00f6nliche Erfahrungen von Sprachsch\u00fclern, die Ihnen helfen, Ihre Ziele im Deutschlernen zu erreichen.[\/vc_column_text][\/vc_column][\/vc_row][vc_row css=&#8221;.vc_custom_1730797178848{margin-top: 40px !important;}&#8221;][vc_column][vc_basic_grid post_type=&#8221;post&#8221; max_items=&#8221;10&#8243; element_width=&#8221;6&#8243; grid_id=&#8221;vc_gid:1730797183828-38dd2ee6-99aa-9&#8243;][\/vc_column][\/vc_row]<\/p>\n","protected":false},"excerpt":{"rendered":"<p>[vc_row css=&#8221;.vc_custom_1730797165406{margin-top: 40px !important;}&#8221;][vc_column][vc_column_text]Willkommen in unserem Blog \u00fcber Deutschkurse! Hier finden Sie n\u00fctzliche Tipps, Lernstrategien und Ressourcen, um Ihre Deutschkenntnisse zu verbessern. Lesen Sie Artikel \u00fcber effektive Lernmethoden, kulturelle Einblicke und pers\u00f6nliche Erfahrungen von Sprachsch\u00fclern, die Ihnen helfen, Ihre Ziele im Deutschlernen zu erreichen.[\/vc_column_text][\/vc_column][\/vc_row][vc_row css=&#8221;.vc_custom_1730797178848{margin-top: 40px !important;}&#8221;][vc_column][vc_basic_grid post_type=&#8221;post&#8221; max_items=&#8221;10&#8243; element_width=&#8221;6&#8243; grid_id=&#8221;vc_gid:1730797183828-38dd2ee6-99aa-9&#8243;][\/vc_column][\/vc_row]<\/p>\n","protected":false},"author":1,"featured_media":0,"parent":0,"menu_order":0,"comment_status":"closed","ping_status":"closed","template":"","meta":{"footnotes":""},"class_list":["post-2224","page","type-page","status-publish","hentry"],"yoast_head":"<!-- This site is optimized with the Yoast SEO plugin v27.1.1 - https:\/\/yoast.com\/product\/yoast-seo-wordpress\/ -->\n<title>Blog \u00fcber Deutschkurse \u2013 Tipps f\u00fcr Ihr Sprachenlernen - Online Sprachkurse<\/title>\n<meta name=\"robots\" content=\"index, follow, max-snippet:-1, max-image-preview:large, max-video-preview:-1\" \/>\n<link rel=\"canonical\" href=\"https:\/\/www.sprachschule-aktiv.com\/online-sprachkurse\/blog\/\" \/>\n<meta property=\"og:locale\" content=\"de_DE\" \/>\n<meta property=\"og:type\" content=\"article\" \/>\n<meta property=\"og:title\" content=\"Blog \u00fcber Deutschkurse \u2013 Tipps f\u00fcr Ihr Sprachenlernen - Online Sprachkurse\" \/>\n<meta property=\"og:description\" content=\"[vc_row css=&#8221;.vc_custom_1730797165406{margin-top: 40px !important;}&#8221;][vc_column][vc_column_text]Willkommen in unserem Blog \u00fcber Deutschkurse! Hier finden Sie n\u00fctzliche Tipps, Lernstrategien und Ressourcen, um Ihre Deutschkenntnisse zu verbessern. Lesen Sie Artikel \u00fcber effektive Lernmethoden, kulturelle Einblicke und pers\u00f6nliche Erfahrungen von Sprachsch\u00fclern, die Ihnen helfen, Ihre Ziele im Deutschlernen zu erreichen.[\/vc_column_text][\/vc_column][\/vc_row][vc_row css=&#8221;.vc_custom_1730797178848{margin-top: 40px !important;}&#8221;][vc_column][vc_basic_grid post_type=&#8221;post&#8221; max_items=&#8221;10&#8243; element_width=&#8221;6&#8243; grid_id=&#8221;vc_gid:1730797183828-38dd2ee6-99aa-9&#8243;][\/vc_column][\/vc_row]\" \/>\n<meta property=\"og:url\" content=\"https:\/\/www.sprachschule-aktiv.com\/online-sprachkurse\/blog\/\" \/>\n<meta property=\"og:site_name\" content=\"Online Sprachkurse\" \/>\n<meta property=\"article:modified_time\" content=\"2024-11-05T08:59:52+00:00\" \/>\n<meta name=\"twitter:card\" content=\"summary_large_image\" \/>\n<meta name=\"twitter:label1\" content=\"Gesch\u00e4tzte Lesezeit\" \/>\n\t<meta name=\"twitter:data1\" content=\"1\u00a0Minute\" \/>\n<script type=\"application\/ld+json\" class=\"yoast-schema-graph\">{\"@context\":\"https:\/\/schema.org\",\"@graph\":[{\"@type\":\"WebPage\",\"@id\":\"https:\/\/www.sprachschule-aktiv.com\/online-sprachkurse\/blog\/\",\"url\":\"https:\/\/www.sprachschule-aktiv.com\/online-sprachkurse\/blog\/\",\"name\":\"Blog \u00fcber Deutschkurse \u2013 Tipps f\u00fcr Ihr Sprachenlernen - Online Sprachkurse\",\"isPartOf\":{\"@id\":\"https:\/\/www.sprachschule-aktiv.com\/online-sprachkurse\/#website\"},\"datePublished\":\"2024-11-05T08:58:32+00:00\",\"dateModified\":\"2024-11-05T08:59:52+00:00\",\"breadcrumb\":{\"@id\":\"https:\/\/www.sprachschule-aktiv.com\/online-sprachkurse\/blog\/#breadcrumb\"},\"inLanguage\":\"de\",\"potentialAction\":[{\"@type\":\"ReadAction\",\"target\":[\"https:\/\/www.sprachschule-aktiv.com\/online-sprachkurse\/blog\/\"]}]},{\"@type\":\"BreadcrumbList\",\"@id\":\"https:\/\/www.sprachschule-aktiv.com\/online-sprachkurse\/blog\/#breadcrumb\",\"itemListElement\":[{\"@type\":\"ListItem\",\"position\":1,\"name\":\"Startseite\",\"item\":\"https:\/\/www.sprachschule-aktiv.com\/online-sprachkurse\/\"},{\"@type\":\"ListItem\",\"position\":2,\"name\":\"Blog \u00fcber Deutschkurse \u2013 Tipps f\u00fcr Ihr Sprachenlernen\"}]},{\"@type\":\"WebSite\",\"@id\":\"https:\/\/www.sprachschule-aktiv.com\/online-sprachkurse\/#website\",\"url\":\"https:\/\/www.sprachschule-aktiv.com\/online-sprachkurse\/\",\"name\":\"Online Sprachkurse\",\"description\":\"\",\"potentialAction\":[{\"@type\":\"SearchAction\",\"target\":{\"@type\":\"EntryPoint\",\"urlTemplate\":\"https:\/\/www.sprachschule-aktiv.com\/online-sprachkurse\/?s={search_term_string}\"},\"query-input\":{\"@type\":\"PropertyValueSpecification\",\"valueRequired\":true,\"valueName\":\"search_term_string\"}}],\"inLanguage\":\"de\"}]}<\/script>\n<!-- \/ Yoast SEO plugin. -->","yoast_head_json":{"title":"Blog \u00fcber Deutschkurse \u2013 Tipps f\u00fcr Ihr Sprachenlernen - Online Sprachkurse","robots":{"index":"index","follow":"follow","max-snippet":"max-snippet:-1","max-image-preview":"max-image-preview:large","max-video-preview":"max-video-preview:-1"},"canonical":"https:\/\/www.sprachschule-aktiv.com\/online-sprachkurse\/blog\/","og_locale":"de_DE","og_type":"article","og_title":"Blog \u00fcber Deutschkurse \u2013 Tipps f\u00fcr Ihr Sprachenlernen - Online Sprachkurse","og_description":"[vc_row css=&#8221;.vc_custom_1730797165406{margin-top: 40px !important;}&#8221;][vc_column][vc_column_text]Willkommen in unserem Blog \u00fcber Deutschkurse! Hier finden Sie n\u00fctzliche Tipps, Lernstrategien und Ressourcen, um Ihre Deutschkenntnisse zu verbessern. Lesen Sie Artikel \u00fcber effektive Lernmethoden, kulturelle Einblicke und pers\u00f6nliche Erfahrungen von Sprachsch\u00fclern, die Ihnen helfen, Ihre Ziele im Deutschlernen zu erreichen.[\/vc_column_text][\/vc_column][\/vc_row][vc_row css=&#8221;.vc_custom_1730797178848{margin-top: 40px !important;}&#8221;][vc_column][vc_basic_grid post_type=&#8221;post&#8221; max_items=&#8221;10&#8243; element_width=&#8221;6&#8243; grid_id=&#8221;vc_gid:1730797183828-38dd2ee6-99aa-9&#8243;][\/vc_column][\/vc_row]","og_url":"https:\/\/www.sprachschule-aktiv.com\/online-sprachkurse\/blog\/","og_site_name":"Online Sprachkurse","article_modified_time":"2024-11-05T08:59:52+00:00","twitter_card":"summary_large_image","twitter_misc":{"Gesch\u00e4tzte Lesezeit":"1\u00a0Minute"},"schema":{"@context":"https:\/\/schema.org","@graph":[{"@type":"WebPage","@id":"https:\/\/www.sprachschule-aktiv.com\/online-sprachkurse\/blog\/","url":"https:\/\/www.sprachschule-aktiv.com\/online-sprachkurse\/blog\/","name":"Blog \u00fcber Deutschkurse \u2013 Tipps f\u00fcr Ihr Sprachenlernen - Online Sprachkurse","isPartOf":{"@id":"https:\/\/www.sprachschule-aktiv.com\/online-sprachkurse\/#website"},"datePublished":"2024-11-05T08:58:32+00:00","dateModified":"2024-11-05T08:59:52+00:00","breadcrumb":{"@id":"https:\/\/www.sprachschule-aktiv.com\/online-sprachkurse\/blog\/#breadcrumb"},"inLanguage":"de","potentialAction":[{"@type":"ReadAction","target":["https:\/\/www.sprachschule-aktiv.com\/online-sprachkurse\/blog\/"]}]},{"@type":"BreadcrumbList","@id":"https:\/\/www.sprachschule-aktiv.com\/online-sprachkurse\/blog\/#breadcrumb","itemListElement":[{"@type":"ListItem","position":1,"name":"Startseite","item":"https:\/\/www.sprachschule-aktiv.com\/online-sprachkurse\/"},{"@type":"ListItem","position":2,"name":"Blog \u00fcber Deutschkurse \u2013 Tipps f\u00fcr Ihr Sprachenlernen"}]},{"@type":"WebSite","@id":"https:\/\/www.sprachschule-aktiv.com\/online-sprachkurse\/#website","url":"https:\/\/www.sprachschule-aktiv.com\/online-sprachkurse\/","name":"Online Sprachkurse","description":"","potentialAction":[{"@type":"SearchAction","target":{"@type":"EntryPoint","urlTemplate":"https:\/\/www.sprachschule-aktiv.com\/online-sprachkurse\/?s={search_term_string}"},"query-input":{"@type":"PropertyValueSpecification","valueRequired":true,"valueName":"search_term_string"}}],"inLanguage":"de"}]}},"_links":{"self":[{"href":"https:\/\/www.sprachschule-aktiv.com\/online-sprachkurse\/wp-json\/wp\/v2\/pages\/2224","targetHints":{"allow":["GET"]}}],"collection":[{"href":"https:\/\/www.sprachschule-aktiv.com\/online-sprachkurse\/wp-json\/wp\/v2\/pages"}],"about":[{"href":"https:\/\/www.sprachschule-aktiv.com\/online-sprachkurse\/wp-json\/wp\/v2\/types\/page"}],"author":[{"embeddable":true,"href":"https:\/\/www.sprachschule-aktiv.com\/online-sprachkurse\/wp-json\/wp\/v2\/users\/1"}],"replies":[{"embeddable":true,"href":"https:\/\/www.sprachschule-aktiv.com\/online-sprachkurse\/wp-json\/wp\/v2\/comments?post=2224"}],"version-history":[{"count":3,"href":"https:\/\/www.sprachschule-aktiv.com\/online-sprachkurse\/wp-json\/wp\/v2\/pages\/2224\/revisions"}],"predecessor-version":[{"id":2228,"href":"https:\/\/www.sprachschule-aktiv.com\/online-sprachkurse\/wp-json\/wp\/v2\/pages\/2224\/revisions\/2228"}],"wp:attachment":[{"href":"https:\/\/www.sprachschule-aktiv.com\/online-sprachkurse\/wp-json\/wp\/v2\/media?parent=2224"}],"curies":[{"name":"wp","href":"https:\/\/api.w.org\/{rel}","templated":true}]}}