{"id":185,"date":"2021-09-16T09:23:21","date_gmt":"2021-09-16T07:23:21","guid":{"rendered":"https:\/\/www.sprachschule-aktiv.com\/online-sprachkurse\/?page_id=185"},"modified":"2025-03-12T08:30:52","modified_gmt":"2025-03-12T07:30:52","slug":"online-russischkurse","status":"publish","type":"page","link":"https:\/\/www.sprachschule-aktiv.com\/online-sprachkurse\/online-russischkurse\/","title":{"rendered":"Online Russischkurse &#8211; Russisch online lernen mit kostenloser Schnupperstunde!"},"content":{"rendered":"<p>[vc_row css=&#8221;.vc_custom_1631777018872{margin-top: 25px !important;}&#8221;][vc_column][vc_column_text]<\/p>\n<h2 data-start=\"113\" data-end=\"194\">Russisch online lernen \u2013 Sprachkurse f\u00fcr Anf\u00e4nger &amp; Fortgeschrittene<\/h2>\n<p data-start=\"196\" data-end=\"539\">M\u00f6chten Sie <strong data-start=\"208\" data-end=\"234\">Russisch online lernen<\/strong>? Unsere <strong data-start=\"243\" data-end=\"267\">Online-Russischkurse<\/strong> bieten Ihnen flexible M\u00f6glichkeiten \u2013 egal, ob Sie Anf\u00e4nger oder Fortgeschrittener sind. W\u00e4hlen Sie zwischen <strong data-start=\"377\" data-end=\"430\">Intensivkursen, Abendkursen oder Privatunterricht<\/strong> und verbessern Sie Ihre Sprachkenntnisse mit <strong data-start=\"476\" data-end=\"510\">muttersprachlichen Lehrkr\u00e4ften<\/strong> \u2013 bequem von zu Hause aus!<\/p>\n<p data-start=\"541\" data-end=\"820\">\u2705 <strong data-start=\"543\" data-end=\"602\">Russischkurse f\u00fcr Anf\u00e4nger &amp; Fortgeschrittene (A1 \u2013 C2)<\/strong><br data-start=\"602\" data-end=\"605\" \/>\u2705 <strong data-start=\"607\" data-end=\"652\">Business-Russisch f\u00fcr Beruf &amp; Unternehmen<\/strong><br data-start=\"652\" data-end=\"655\" \/>\u2705 <strong data-start=\"657\" data-end=\"707\">Live-Unterricht mit muttersprachlichen Lehrern<\/strong><br data-start=\"707\" data-end=\"710\" \/>\u2705 <strong data-start=\"712\" data-end=\"769\">Flexible Kursmodelle: Intensiv-, Abend- &amp; Privatkurse<\/strong><br data-start=\"769\" data-end=\"772\" \/>\u2705 <strong data-start=\"774\" data-end=\"818\">Kostenlose Probestunde &amp; Einstufungstest<\/strong><\/p>\n<p data-start=\"822\" data-end=\"889\">\ud83d\udccc <strong data-start=\"825\" data-end=\"884\">Jetzt unverbindlich testen &amp; den passenden Kurs finden!<\/strong> \ud83d\ude80<\/p>\n<p data-start=\"822\" data-end=\"889\"><img decoding=\"async\" class=\"alignnone size-full wp-image-186\" src=\"https:\/\/www.sprachschule-aktiv.com\/online-sprachkurse\/wp-content\/uploads\/2021\/09\/russischkurse-online-sprachschule-aktiv.jpg\" alt=\"Russisch Onlinekurse\" width=\"300\" height=\"200\" \/><\/p>\n<a href=\"https:\/\/www.sprachschule-aktiv.com\/online-sprachkurse\/kontakt\/\"><img decoding=\"async\" class=\"alignnone size-full wp-image-105\" src=\"https:\/\/www.sprachschule-aktiv.com\/online-sprachkurse\/wp-content\/uploads\/2021\/09\/anfrage-sprachkurs.png\" alt=\"Sprachkurse online - Lernen Sprache online mit Sprachschule Aktiv\" width=\"164\" height=\"55\" \/><\/a>\n<h2 data-start=\"896\" data-end=\"937\"><strong data-start=\"899\" data-end=\"935\">\ud83c\udfaf Warum Russisch online lernen?<\/strong><\/h2>\n<p data-start=\"939\" data-end=\"997\">Ein <strong data-start=\"943\" data-end=\"966\">Online-Russischkurs<\/strong> bietet Ihnen viele Vorteile:<\/p>\n<p data-start=\"999\" data-end=\"1381\">\u2705 <strong data-start=\"1001\" data-end=\"1019\">Ortsunabh\u00e4ngig<\/strong> \u2013 Lernen Sie bequem von \u00fcberall aus.<br data-start=\"1056\" data-end=\"1059\" \/>\u2705 <strong data-start=\"1061\" data-end=\"1078\">Zeitersparnis<\/strong> \u2013 Keine Anfahrtszeiten, keine zus\u00e4tzlichen Fahrtkosten.<br data-start=\"1134\" data-end=\"1137\" \/>\u2705 <strong data-start=\"1139\" data-end=\"1164\">Individuelle Kurswahl<\/strong> \u2013 Intensiv-, Abend- oder Privatunterricht.<br data-start=\"1207\" data-end=\"1210\" \/>\u2705 <strong data-start=\"1212\" data-end=\"1244\">Muttersprachliche Lehrkr\u00e4fte<\/strong> \u2013 Perfekte Aussprache &amp; authentische Kommunikation.<br data-start=\"1296\" data-end=\"1299\" \/>\u2705 <strong data-start=\"1301\" data-end=\"1329\">Interaktive Lernmethoden<\/strong> \u2013 Mit Rollenspielen, Konversation &amp; H\u00f6rverstehen.<\/p>\n<p data-start=\"1383\" data-end=\"1442\">\ud83d\udccc <strong data-start=\"1386\" data-end=\"1440\">Ideal f\u00fcr Berufst\u00e4tige, Studierende &amp; Unternehmen!<\/strong><\/p>\n<hr data-start=\"1444\" data-end=\"1447\" \/>\n<h2 data-start=\"1449\" data-end=\"1496\"><strong data-start=\"1452\" data-end=\"1494\">\ud83d\udcca Welche Russischkurse bieten wir an?<\/strong><\/h2>\n<p data-start=\"1498\" data-end=\"1584\">Unsere <strong data-start=\"1505\" data-end=\"1528\">Online-Sprachschule<\/strong> bietet verschiedene Kursmodelle f\u00fcr alle Sprachlevel:<\/p>\n<h3 data-start=\"1586\" data-end=\"1643\"><strong data-start=\"1590\" data-end=\"1641\">1\ufe0f\u20e3 Russisch-Intensivkurse \u2013 Schnell &amp; effektiv<\/strong><\/h3>\n<p data-start=\"1644\" data-end=\"1838\">\ud83d\udccc <strong data-start=\"1647\" data-end=\"1662\">Kurszeiten:<\/strong> Montag \u2013 Freitag, 09:00 \u2013 12:00 Uhr<br data-start=\"1698\" data-end=\"1701\" \/>\ud83d\udccc <strong data-start=\"1704\" data-end=\"1721\">Niveaustufen:<\/strong> A1 \u2013 C2 + Business-Russisch<br data-start=\"1749\" data-end=\"1752\" \/>\ud83d\udccc <strong data-start=\"1755\" data-end=\"1769\">Kursdauer:<\/strong> 1 bis 4 Wochen<br data-start=\"1784\" data-end=\"1787\" \/>\ud83d\udccc <strong data-start=\"1790\" data-end=\"1807\">Starttermine:<\/strong> Jeden ersten Montag im Monat<\/p>\n<p data-start=\"1840\" data-end=\"1856\">\ud83d\udcb0 <strong data-start=\"1843\" data-end=\"1854\">Preise:<\/strong><\/p>\n<ul data-start=\"1857\" data-end=\"1951\">\n<li data-start=\"1857\" data-end=\"1879\"><strong data-start=\"1859\" data-end=\"1871\">1 Woche:<\/strong> 239 \u20ac<\/li>\n<li data-start=\"1880\" data-end=\"1903\"><strong data-start=\"1882\" data-end=\"1895\">2 Wochen:<\/strong> 439 \u20ac<\/li>\n<li data-start=\"1904\" data-end=\"1927\"><strong data-start=\"1906\" data-end=\"1919\">3 Wochen:<\/strong> 599 \u20ac<\/li>\n<li data-start=\"1928\" data-end=\"1951\"><strong data-start=\"1930\" data-end=\"1943\">4 Wochen:<\/strong> 749 \u20ac<\/li>\n<\/ul>\n<p data-start=\"1953\" data-end=\"2030\">\u2728 <strong data-start=\"1955\" data-end=\"2028\">Ideal f\u00fcr alle, die in kurzer Zeit gro\u00dfe Fortschritte machen m\u00f6chten!<\/strong><\/p>\n<p data-start=\"1953\" data-end=\"2030\"><a href=\"https:\/\/www.sprachschule-aktiv.com\/online-sprachkurse\/anmeldung-sprachschule\/\"><img decoding=\"async\" class=\"alignnone size-full wp-image-104\" src=\"https:\/\/www.sprachschule-aktiv.com\/online-sprachkurse\/wp-content\/uploads\/2021\/09\/jetzt-sprachkurs-buchen.png\" alt=\"Inscr\u00edbete en nuestros cursos online con Sprachschule Aktiv\" width=\"239\" height=\"62\" \/><\/a><\/p>\n<hr data-start=\"2032\" data-end=\"2035\" \/>\n<h3 data-start=\"2037\" data-end=\"2095\"><strong data-start=\"2041\" data-end=\"2093\">2\ufe0f\u20e3 Russisch-Abendkurse \u2013 Lernen nach Feierabend<\/strong><\/h3>\n<p data-start=\"2096\" data-end=\"2258\">\ud83d\udccc <strong data-start=\"2099\" data-end=\"2109\">Start:<\/strong> Jeden ersten Dienstag im Monat<br data-start=\"2140\" data-end=\"2143\" \/>\ud83d\udccc <strong data-start=\"2146\" data-end=\"2161\">Unterricht:<\/strong> 1x pro Woche (Dienstag, 19:00 \u2013 20:30 Uhr)<br data-start=\"2204\" data-end=\"2207\" \/>\ud83d\udccc <strong data-start=\"2210\" data-end=\"2224\">Kursdauer:<\/strong> 12 Wochen<br data-start=\"2234\" data-end=\"2237\" \/>\ud83d\udcb0 <strong data-start=\"2240\" data-end=\"2250\">Preis:<\/strong> 279 \u20ac<\/p>\n<p data-start=\"2260\" data-end=\"2312\">\u2728 <strong data-start=\"2262\" data-end=\"2310\">Perfekt f\u00fcr Berufst\u00e4tige &amp; Vielbesch\u00e4ftigte!<\/strong><\/p>\n<p data-start=\"2260\" data-end=\"2312\"><a href=\"https:\/\/www.sprachschule-aktiv.com\/online-sprachkurse\/anmeldung-sprachschule\/\"><img decoding=\"async\" class=\"alignnone size-full wp-image-104\" src=\"https:\/\/www.sprachschule-aktiv.com\/online-sprachkurse\/wp-content\/uploads\/2021\/09\/jetzt-sprachkurs-buchen.png\" alt=\"Inscr\u00edbete en nuestros cursos online con Sprachschule Aktiv\" width=\"239\" height=\"62\" \/><\/a><\/p>\n<hr data-start=\"2314\" data-end=\"2317\" \/>\n<h3 data-start=\"2319\" data-end=\"2374\"><strong data-start=\"2323\" data-end=\"2372\">3\ufe0f\u20e3 Einzelunterricht \u2013 Flexibel &amp; individuell<\/strong><\/h3>\n<p data-start=\"2375\" data-end=\"2479\">\ud83d\udccc <strong data-start=\"2378\" data-end=\"2422\">Individuelle Termine &amp; Dauer nach Wunsch<\/strong><br data-start=\"2422\" data-end=\"2425\" \/>\ud83d\udccc <strong data-start=\"2428\" data-end=\"2477\">1:1-Unterricht mit pers\u00f6nlichem Sprachtrainer<\/strong><\/p>\n<p data-start=\"2481\" data-end=\"2529\">\ud83d\udcb0 <strong data-start=\"2484\" data-end=\"2527\">Preise pro Unterrichtsstunde (45 Min.):<\/strong><\/p>\n<ul data-start=\"2530\" data-end=\"2616\">\n<li data-start=\"2530\" data-end=\"2558\"><strong data-start=\"2532\" data-end=\"2551\">1 \u2013 19 Stunden:<\/strong> 42 \u20ac<\/li>\n<li data-start=\"2559\" data-end=\"2588\"><strong data-start=\"2561\" data-end=\"2581\">20 \u2013 29 Stunden:<\/strong> 40 \u20ac<\/li>\n<li data-start=\"2589\" data-end=\"2616\"><strong data-start=\"2591\" data-end=\"2609\">Ab 30 Stunden:<\/strong> 38 \u20ac<\/li>\n<\/ul>\n<p data-start=\"2618\" data-end=\"2684\">\u2728 <strong data-start=\"2620\" data-end=\"2682\">Ideal f\u00fcr individuelles Lernen &amp; ma\u00dfgeschneiderte Inhalte!<\/strong><\/p>\n<p data-start=\"2686\" data-end=\"2776\">\ud83d\udca1 <strong data-start=\"2689\" data-end=\"2707\">Extra-Vorteil:<\/strong> <strong data-start=\"2708\" data-end=\"2745\">Bis zu zwei Freunde oder Kollegen<\/strong> k\u00f6nnen kostenlos teilnehmen!<\/p>\n<p data-start=\"2686\" data-end=\"2776\"><a href=\"https:\/\/www.sprachschule-aktiv.com\/online-sprachkurse\/anmeldung-sprachschule\/\"><img decoding=\"async\" class=\"alignnone size-full wp-image-104\" src=\"https:\/\/www.sprachschule-aktiv.com\/online-sprachkurse\/wp-content\/uploads\/2021\/09\/jetzt-sprachkurs-buchen.png\" alt=\"Inscr\u00edbete en nuestros cursos online con Sprachschule Aktiv\" width=\"239\" height=\"62\" \/><\/a><\/p>\n<hr data-start=\"2778\" data-end=\"2781\" \/>\n<h3 data-start=\"2783\" data-end=\"2844\"><strong data-start=\"2787\" data-end=\"2842\">4\ufe0f\u20e3 Firmenkurse \u2013 Business-Russisch f\u00fcr Unternehmen<\/strong><\/h3>\n<p data-start=\"2845\" data-end=\"2962\">\ud83d\udccc <strong data-start=\"2848\" data-end=\"2899\">Individuelle Starttermine &amp; flexible Kurszeiten<\/strong><br data-start=\"2899\" data-end=\"2902\" \/>\ud83d\udccc <strong data-start=\"2905\" data-end=\"2960\">Anpassung der Inhalte an Ihre Branche &amp; Bed\u00fcrfnisse<\/strong><\/p>\n<p data-start=\"2964\" data-end=\"3022\">\ud83d\udcb0 <strong data-start=\"2967\" data-end=\"3020\">Preise pro Unterrichtsstunde (1 \u2013 10 Teilnehmer):<\/strong><\/p>\n<ul data-start=\"3023\" data-end=\"3079\">\n<li data-start=\"3023\" data-end=\"3051\"><strong data-start=\"3025\" data-end=\"3044\">1 \u2013 29 Stunden:<\/strong> 49 \u20ac<\/li>\n<li data-start=\"3052\" data-end=\"3079\"><strong data-start=\"3054\" data-end=\"3072\">Ab 30 Stunden:<\/strong> 45 \u20ac<\/li>\n<\/ul>\n<p data-start=\"3081\" data-end=\"3148\">\ud83d\udccc <strong data-start=\"3084\" data-end=\"3146\">Jetzt individuelles Angebot f\u00fcr Ihr Unternehmen anfordern!<\/strong><\/p>\n<p data-start=\"3081\" data-end=\"3148\"><a href=\"https:\/\/www.sprachschule-aktiv.com\/online-sprachkurse\/anmeldung-sprachschule\/\"><img decoding=\"async\" class=\"alignnone size-full wp-image-104\" src=\"https:\/\/www.sprachschule-aktiv.com\/online-sprachkurse\/wp-content\/uploads\/2021\/09\/jetzt-sprachkurs-buchen.png\" alt=\"Inscr\u00edbete en nuestros cursos online con Sprachschule Aktiv\" width=\"239\" height=\"62\" \/><\/a><\/p>\n<hr data-start=\"3150\" data-end=\"3153\" \/>\n<h2 data-start=\"3155\" data-end=\"3204\"><strong data-start=\"3158\" data-end=\"3202\">\ud83d\udcdc Offizielles Zertifikat nach Abschluss<\/strong><\/h2>\n<p data-start=\"3206\" data-end=\"3384\">\ud83d\udccc <strong data-start=\"3209\" data-end=\"3269\">Nach erfolgreichem Abschluss erhalten Sie ein Zertifikat<\/strong>, das Ihre Russischkenntnisse gem\u00e4\u00df dem <strong data-start=\"3309\" data-end=\"3371\">Gemeinsamen Europ\u00e4ischen Referenzrahmen f\u00fcr Sprachen (GER)<\/strong> best\u00e4tigt.<\/p>\n<p data-start=\"3386\" data-end=\"3575\">\u2705 <strong data-start=\"3388\" data-end=\"3399\">A1 &amp; A2<\/strong> \u2013 Grundlagen &amp; einfache Gespr\u00e4che<br data-start=\"3433\" data-end=\"3436\" \/>\u2705 <strong data-start=\"3438\" data-end=\"3449\">B1 &amp; B2<\/strong> \u2013 Selbstst\u00e4ndige Sprachverwendung f\u00fcr Alltag &amp; Beruf<br data-start=\"3502\" data-end=\"3505\" \/>\u2705 <strong data-start=\"3507\" data-end=\"3518\">C1 &amp; C2<\/strong> \u2013 Flie\u00dfende Sprachbeherrschung auf akademischem Niveau<\/p>\n<p data-start=\"3577\" data-end=\"3647\">\ud83d\udccc <strong data-start=\"3580\" data-end=\"3645\">Kostenloser Einstufungstest verf\u00fcgbar \u2013 Finden Sie Ihr Level!<\/strong><\/p>\n<hr data-start=\"3649\" data-end=\"3652\" \/>\n<h2 data-start=\"3654\" data-end=\"3711\"><strong data-start=\"3657\" data-end=\"3709\">\ud83c\udf81 Kostenlose Probestunde &amp; Geld-zur\u00fcck-Garantie<\/strong><\/h2>\n<p data-start=\"3713\" data-end=\"3803\">\u2705 <strong data-start=\"3715\" data-end=\"3765\">Gratis Schnupperstunde \u2013 unverbindlich testen!<\/strong><br data-start=\"3765\" data-end=\"3768\" \/>\u2705 <strong data-start=\"3770\" data-end=\"3801\">100 % Geld-zur\u00fcck-Garantie:<\/strong><\/p>\n<ul data-start=\"3807\" data-end=\"3899\">\n<li data-start=\"3807\" data-end=\"3899\">Falls Sie nach der ersten Stunde nicht zufrieden sind, <strong data-start=\"3864\" data-end=\"3896\">erhalten Sie Ihr Geld zur\u00fcck<\/strong>.<\/li>\n<\/ul>\n<p data-start=\"3901\" data-end=\"3950\">\ud83d\udccc <strong data-start=\"3904\" data-end=\"3948\">Jetzt anmelden &amp; Russisch online lernen!<\/strong><\/p>\n<hr data-start=\"3952\" data-end=\"3955\" \/>\n<h2 data-start=\"3957\" data-end=\"4017\"><strong data-start=\"3960\" data-end=\"4015\">\ud83d\udcbb Welche Technik ben\u00f6tigen Sie f\u00fcr den Onlinekurs?<\/strong><\/h2>\n<p data-start=\"4019\" data-end=\"4117\">Die Teilnahme an unseren Onlinekursen ist <strong data-start=\"4061\" data-end=\"4088\">einfach &amp; unkompliziert<\/strong> \u2013 Sie ben\u00f6tigen lediglich:<\/p>\n<p data-start=\"4119\" data-end=\"4356\">\u2705 <strong data-start=\"4121\" data-end=\"4153\">Einen Laptop, PC oder Tablet<\/strong> \u2013 mit integrierter oder externer Kamera.<br data-start=\"4194\" data-end=\"4197\" \/>\u2705 <strong data-start=\"4199\" data-end=\"4234\">Eine stabile Internetverbindung<\/strong> \u2013 f\u00fcr reibungslose Live-Sessions.<br data-start=\"4268\" data-end=\"4271\" \/>\u2705 <strong data-start=\"4273\" data-end=\"4323\">Videokonferenz-Tools wie Zoom oder Google Meet<\/strong> \u2013 Einfache Anmeldung per Link.<\/p>\n<p data-start=\"4358\" data-end=\"4464\">\ud83d\udccc <strong data-start=\"4361\" data-end=\"4462\">Sie erhalten vor Kursbeginn eine detaillierte Anleitung \u2013 mit wenigen Klicks sind Sie live dabei!<\/strong><\/p>\n<hr data-start=\"4466\" data-end=\"4469\" \/>\n<h3 data-start=\"4471\" data-end=\"4527\"><strong data-start=\"4475\" data-end=\"4525\">\ud83d\udcde Jetzt anmelden &amp; Ihre Sprachreise beginnen!<\/strong><\/h3>\n<p data-start=\"4529\" data-end=\"4713\">\ud83c\udf1f <strong data-start=\"4532\" data-end=\"4631\">Entdecken Sie die Welt der russischen Sprache \u2013 flexibel, interaktiv &amp; professionell begleitet!<\/strong><br data-start=\"4631\" data-end=\"4634\" \/>\u27a1\ufe0f <strong data-start=\"4637\" data-end=\"4708\">Jetzt kostenlosen Einstufungstest machen &amp; Ihren Onlinekurs buchen!<\/strong> \ud83d\ude80<\/p>\n<p>[\/vc_column_text][\/vc_column][\/vc_row]<\/p>\n","protected":false},"excerpt":{"rendered":"<p>[vc_row css=&#8221;.vc_custom_1631777018872{margin-top: 25px !important;}&#8221;][vc_column][vc_column_text] Russisch online lernen \u2013 Sprachkurse f\u00fcr Anf\u00e4nger &amp; Fortgeschrittene M\u00f6chten Sie Russisch online lernen? Unsere Online-Russischkurse bieten Ihnen flexible M\u00f6glichkeiten \u2013 egal, ob Sie Anf\u00e4nger oder Fortgeschrittener sind. W\u00e4hlen Sie zwischen Intensivkursen, Abendkursen oder Privatunterricht und verbessern Sie Ihre Sprachkenntnisse mit muttersprachlichen Lehrkr\u00e4ften \u2013 bequem von zu Hause aus! \u2705 Russischkurse&hellip; <a class=\"read-more\" href=\"https:\/\/www.sprachschule-aktiv.com\/online-sprachkurse\/online-russischkurse\/\" title=\"Read Online Russischkurse &#8211; Russisch online lernen mit kostenloser Schnupperstunde!\">Read more &raquo;<\/a><\/p>\n","protected":false},"author":1,"featured_media":0,"parent":0,"menu_order":0,"comment_status":"closed","ping_status":"closed","template":"","meta":{"footnotes":""},"class_list":["post-185","page","type-page","status-publish","hentry"],"yoast_head":"<!-- This site is optimized with the Yoast SEO plugin v27.1.1 - https:\/\/yoast.com\/product\/yoast-seo-wordpress\/ -->\n<title>Online Russischkurse - mit kostenloser Schnupperstunde!<\/title>\n<meta name=\"description\" content=\"Lernen Sie Russisch online mit Muttersprachlern! Intensiv-, Abend- &amp; Privatkurse (A1 \u2013 C2) mit gratis Probestunde. Jetzt starten! \ud83d\ude80\" \/>\n<meta name=\"robots\" content=\"index, follow, max-snippet:-1, max-image-preview:large, max-video-preview:-1\" \/>\n<link rel=\"canonical\" href=\"https:\/\/www.sprachschule-aktiv.com\/online-sprachkurse\/online-russischkurse\/\" \/>\n<meta property=\"og:locale\" content=\"de_DE\" \/>\n<meta property=\"og:type\" content=\"article\" \/>\n<meta property=\"og:title\" content=\"Online Russischkurse - mit kostenloser Schnupperstunde!\" \/>\n<meta property=\"og:description\" content=\"Lernen Sie Russisch online mit Muttersprachlern! Intensiv-, Abend- &amp; Privatkurse (A1 \u2013 C2) mit gratis Probestunde. Jetzt starten! \ud83d\ude80\" \/>\n<meta property=\"og:url\" content=\"https:\/\/www.sprachschule-aktiv.com\/online-sprachkurse\/online-russischkurse\/\" \/>\n<meta property=\"og:site_name\" content=\"Online Sprachkurse\" \/>\n<meta property=\"article:modified_time\" content=\"2025-03-12T07:30:52+00:00\" \/>\n<meta property=\"og:image\" content=\"https:\/\/www.sprachschule-aktiv.com\/online-sprachkurse\/wp-content\/uploads\/2021\/09\/russischkurse-online-sprachschule-aktiv.jpg\" \/>\n\t<meta property=\"og:image:width\" content=\"300\" \/>\n\t<meta property=\"og:image:height\" content=\"200\" \/>\n\t<meta property=\"og:image:type\" content=\"image\/jpeg\" \/>\n<meta name=\"twitter:card\" content=\"summary_large_image\" \/>\n<meta name=\"twitter:label1\" content=\"Gesch\u00e4tzte Lesezeit\" \/>\n\t<meta name=\"twitter:data1\" content=\"5\u00a0Minuten\" \/>\n<script type=\"application\/ld+json\" class=\"yoast-schema-graph\">{\"@context\":\"https:\/\/schema.org\",\"@graph\":[{\"@type\":\"WebPage\",\"@id\":\"https:\/\/www.sprachschule-aktiv.com\/online-sprachkurse\/online-russischkurse\/\",\"url\":\"https:\/\/www.sprachschule-aktiv.com\/online-sprachkurse\/online-russischkurse\/\",\"name\":\"Online Russischkurse - mit kostenloser Schnupperstunde!\",\"isPartOf\":{\"@id\":\"https:\/\/www.sprachschule-aktiv.com\/online-sprachkurse\/#website\"},\"primaryImageOfPage\":{\"@id\":\"https:\/\/www.sprachschule-aktiv.com\/online-sprachkurse\/online-russischkurse\/#primaryimage\"},\"image\":{\"@id\":\"https:\/\/www.sprachschule-aktiv.com\/online-sprachkurse\/online-russischkurse\/#primaryimage\"},\"thumbnailUrl\":\"https:\/\/www.sprachschule-aktiv.com\/online-sprachkurse\/wp-content\/uploads\/2021\/09\/russischkurse-online-sprachschule-aktiv.jpg\",\"datePublished\":\"2021-09-16T07:23:21+00:00\",\"dateModified\":\"2025-03-12T07:30:52+00:00\",\"description\":\"Lernen Sie Russisch online mit Muttersprachlern! Intensiv-, Abend- & Privatkurse (A1 \u2013 C2) mit gratis Probestunde. Jetzt starten! \ud83d\ude80\",\"breadcrumb\":{\"@id\":\"https:\/\/www.sprachschule-aktiv.com\/online-sprachkurse\/online-russischkurse\/#breadcrumb\"},\"inLanguage\":\"de\",\"potentialAction\":[{\"@type\":\"ReadAction\",\"target\":[\"https:\/\/www.sprachschule-aktiv.com\/online-sprachkurse\/online-russischkurse\/\"]}]},{\"@type\":\"ImageObject\",\"inLanguage\":\"de\",\"@id\":\"https:\/\/www.sprachschule-aktiv.com\/online-sprachkurse\/online-russischkurse\/#primaryimage\",\"url\":\"https:\/\/www.sprachschule-aktiv.com\/online-sprachkurse\/wp-content\/uploads\/2021\/09\/russischkurse-online-sprachschule-aktiv.jpg\",\"contentUrl\":\"https:\/\/www.sprachschule-aktiv.com\/online-sprachkurse\/wp-content\/uploads\/2021\/09\/russischkurse-online-sprachschule-aktiv.jpg\",\"width\":300,\"height\":200,\"caption\":\"Russisch Onlinekurse\"},{\"@type\":\"BreadcrumbList\",\"@id\":\"https:\/\/www.sprachschule-aktiv.com\/online-sprachkurse\/online-russischkurse\/#breadcrumb\",\"itemListElement\":[{\"@type\":\"ListItem\",\"position\":1,\"name\":\"Startseite\",\"item\":\"https:\/\/www.sprachschule-aktiv.com\/online-sprachkurse\/\"},{\"@type\":\"ListItem\",\"position\":2,\"name\":\"Online Russischkurse &#8211; Russisch online lernen mit kostenloser Schnupperstunde!\"}]},{\"@type\":\"WebSite\",\"@id\":\"https:\/\/www.sprachschule-aktiv.com\/online-sprachkurse\/#website\",\"url\":\"https:\/\/www.sprachschule-aktiv.com\/online-sprachkurse\/\",\"name\":\"Online Sprachkurse\",\"description\":\"\",\"potentialAction\":[{\"@type\":\"SearchAction\",\"target\":{\"@type\":\"EntryPoint\",\"urlTemplate\":\"https:\/\/www.sprachschule-aktiv.com\/online-sprachkurse\/?s={search_term_string}\"},\"query-input\":{\"@type\":\"PropertyValueSpecification\",\"valueRequired\":true,\"valueName\":\"search_term_string\"}}],\"inLanguage\":\"de\"}]}<\/script>\n<!-- \/ Yoast SEO plugin. -->","yoast_head_json":{"title":"Online Russischkurse - mit kostenloser Schnupperstunde!","description":"Lernen Sie Russisch online mit Muttersprachlern! Intensiv-, Abend- & Privatkurse (A1 \u2013 C2) mit gratis Probestunde. Jetzt starten! \ud83d\ude80","robots":{"index":"index","follow":"follow","max-snippet":"max-snippet:-1","max-image-preview":"max-image-preview:large","max-video-preview":"max-video-preview:-1"},"canonical":"https:\/\/www.sprachschule-aktiv.com\/online-sprachkurse\/online-russischkurse\/","og_locale":"de_DE","og_type":"article","og_title":"Online Russischkurse - mit kostenloser Schnupperstunde!","og_description":"Lernen Sie Russisch online mit Muttersprachlern! Intensiv-, Abend- & Privatkurse (A1 \u2013 C2) mit gratis Probestunde. Jetzt starten! \ud83d\ude80","og_url":"https:\/\/www.sprachschule-aktiv.com\/online-sprachkurse\/online-russischkurse\/","og_site_name":"Online Sprachkurse","article_modified_time":"2025-03-12T07:30:52+00:00","og_image":[{"width":300,"height":200,"url":"https:\/\/www.sprachschule-aktiv.com\/online-sprachkurse\/wp-content\/uploads\/2021\/09\/russischkurse-online-sprachschule-aktiv.jpg","type":"image\/jpeg"}],"twitter_card":"summary_large_image","twitter_misc":{"Gesch\u00e4tzte Lesezeit":"5\u00a0Minuten"},"schema":{"@context":"https:\/\/schema.org","@graph":[{"@type":"WebPage","@id":"https:\/\/www.sprachschule-aktiv.com\/online-sprachkurse\/online-russischkurse\/","url":"https:\/\/www.sprachschule-aktiv.com\/online-sprachkurse\/online-russischkurse\/","name":"Online Russischkurse - mit kostenloser Schnupperstunde!","isPartOf":{"@id":"https:\/\/www.sprachschule-aktiv.com\/online-sprachkurse\/#website"},"primaryImageOfPage":{"@id":"https:\/\/www.sprachschule-aktiv.com\/online-sprachkurse\/online-russischkurse\/#primaryimage"},"image":{"@id":"https:\/\/www.sprachschule-aktiv.com\/online-sprachkurse\/online-russischkurse\/#primaryimage"},"thumbnailUrl":"https:\/\/www.sprachschule-aktiv.com\/online-sprachkurse\/wp-content\/uploads\/2021\/09\/russischkurse-online-sprachschule-aktiv.jpg","datePublished":"2021-09-16T07:23:21+00:00","dateModified":"2025-03-12T07:30:52+00:00","description":"Lernen Sie Russisch online mit Muttersprachlern! Intensiv-, Abend- & Privatkurse (A1 \u2013 C2) mit gratis Probestunde. Jetzt starten! \ud83d\ude80","breadcrumb":{"@id":"https:\/\/www.sprachschule-aktiv.com\/online-sprachkurse\/online-russischkurse\/#breadcrumb"},"inLanguage":"de","potentialAction":[{"@type":"ReadAction","target":["https:\/\/www.sprachschule-aktiv.com\/online-sprachkurse\/online-russischkurse\/"]}]},{"@type":"ImageObject","inLanguage":"de","@id":"https:\/\/www.sprachschule-aktiv.com\/online-sprachkurse\/online-russischkurse\/#primaryimage","url":"https:\/\/www.sprachschule-aktiv.com\/online-sprachkurse\/wp-content\/uploads\/2021\/09\/russischkurse-online-sprachschule-aktiv.jpg","contentUrl":"https:\/\/www.sprachschule-aktiv.com\/online-sprachkurse\/wp-content\/uploads\/2021\/09\/russischkurse-online-sprachschule-aktiv.jpg","width":300,"height":200,"caption":"Russisch Onlinekurse"},{"@type":"BreadcrumbList","@id":"https:\/\/www.sprachschule-aktiv.com\/online-sprachkurse\/online-russischkurse\/#breadcrumb","itemListElement":[{"@type":"ListItem","position":1,"name":"Startseite","item":"https:\/\/www.sprachschule-aktiv.com\/online-sprachkurse\/"},{"@type":"ListItem","position":2,"name":"Online Russischkurse &#8211; Russisch online lernen mit kostenloser Schnupperstunde!"}]},{"@type":"WebSite","@id":"https:\/\/www.sprachschule-aktiv.com\/online-sprachkurse\/#website","url":"https:\/\/www.sprachschule-aktiv.com\/online-sprachkurse\/","name":"Online Sprachkurse","description":"","potentialAction":[{"@type":"SearchAction","target":{"@type":"EntryPoint","urlTemplate":"https:\/\/www.sprachschule-aktiv.com\/online-sprachkurse\/?s={search_term_string}"},"query-input":{"@type":"PropertyValueSpecification","valueRequired":true,"valueName":"search_term_string"}}],"inLanguage":"de"}]}},"_links":{"self":[{"href":"https:\/\/www.sprachschule-aktiv.com\/online-sprachkurse\/wp-json\/wp\/v2\/pages\/185","targetHints":{"allow":["GET"]}}],"collection":[{"href":"https:\/\/www.sprachschule-aktiv.com\/online-sprachkurse\/wp-json\/wp\/v2\/pages"}],"about":[{"href":"https:\/\/www.sprachschule-aktiv.com\/online-sprachkurse\/wp-json\/wp\/v2\/types\/page"}],"author":[{"embeddable":true,"href":"https:\/\/www.sprachschule-aktiv.com\/online-sprachkurse\/wp-json\/wp\/v2\/users\/1"}],"replies":[{"embeddable":true,"href":"https:\/\/www.sprachschule-aktiv.com\/online-sprachkurse\/wp-json\/wp\/v2\/comments?post=185"}],"version-history":[{"count":4,"href":"https:\/\/www.sprachschule-aktiv.com\/online-sprachkurse\/wp-json\/wp\/v2\/pages\/185\/revisions"}],"predecessor-version":[{"id":2303,"href":"https:\/\/www.sprachschule-aktiv.com\/online-sprachkurse\/wp-json\/wp\/v2\/pages\/185\/revisions\/2303"}],"wp:attachment":[{"href":"https:\/\/www.sprachschule-aktiv.com\/online-sprachkurse\/wp-json\/wp\/v2\/media?parent=185"}],"curies":[{"name":"wp","href":"https:\/\/api.w.org\/{rel}","templated":true}]}}