{"id":129,"date":"2021-09-16T08:37:05","date_gmt":"2021-09-16T06:37:05","guid":{"rendered":"https:\/\/www.sprachschule-aktiv.com\/online-sprachkurse\/?page_id=129"},"modified":"2025-03-08T07:04:23","modified_gmt":"2025-03-08T06:04:23","slug":"onlinekurse-englisch-fuer-anfaenger-fortgeschrittene-und-business","status":"publish","type":"page","link":"https:\/\/www.sprachschule-aktiv.com\/online-sprachkurse\/onlinekurse-englisch-fuer-anfaenger-fortgeschrittene-und-business\/","title":{"rendered":"Onlinekurse Englisch &#8211; f\u00fcr Anf\u00e4nger, Fortgeschrittene und Business"},"content":{"rendered":"<p>[vc_row][vc_column][vc_column_text]<\/p>\n<h2 data-start=\"156\" data-end=\"225\">\ud83d\udcda Englisch lernen online \u2013 Sprachkurse f\u00fcr alle Niveaustufen<\/h2>\n<p data-start=\"227\" data-end=\"561\">M\u00f6chten Sie <strong data-start=\"239\" data-end=\"265\">Englisch online lernen<\/strong> \u2013 flexibel, interaktiv und mit <strong data-start=\"297\" data-end=\"331\">muttersprachlichen Lehrkr\u00e4ften<\/strong>?<br data-start=\"332\" data-end=\"335\" \/>Unsere <strong data-start=\"342\" data-end=\"366\">Englisch-Onlinekurse<\/strong> bieten Ihnen eine <strong data-start=\"385\" data-end=\"413\">effektive und praxisnahe<\/strong> M\u00f6glichkeit, Ihre Sprachkenntnisse auf jedem Niveau (A1 \u2013 C2) zu verbessern \u2013 ob f\u00fcr den Alltag, den Beruf oder spezielle Business-Anforderungen.<\/p>\n<p data-start=\"563\" data-end=\"783\">\u2705 <strong data-start=\"565\" data-end=\"618\">Englisch lernen von A1 bis C2 + Business-Englisch<\/strong><br data-start=\"618\" data-end=\"621\" \/>\u2705 <strong data-start=\"623\" data-end=\"674\">Live-Unterricht mit erfahrenen Muttersprachlern<\/strong><br data-start=\"674\" data-end=\"677\" \/>\u2705 <strong data-start=\"679\" data-end=\"736\">Flexible Kursmodelle: Intensiv-, Abend- &amp; Privatkurse<\/strong><br data-start=\"736\" data-end=\"739\" \/>\u2705 <strong data-start=\"741\" data-end=\"781\">Gratis Einstufungstest &amp; Probestunde<\/strong><\/p>\n<p data-start=\"785\" data-end=\"851\">\ud83d\udccc <strong data-start=\"788\" data-end=\"849\">Jetzt unverbindlich testen &amp; Ihren passenden Kurs finden!<\/strong><\/p>\n<p data-start=\"785\" data-end=\"851\"><img decoding=\"async\" class=\"alignnone wp-image-405 size-large\" src=\"https:\/\/www.sprachschule-aktiv.com\/wp-content\/uploads\/2021\/03\/onlinekurse-englisch-fuer-anfaenger-fortgeschrittene-und-business-1024x682.jpg\" alt=\"Englisch Onlinekurse - f\u00fcr Anf\u00e4nger, Fortgeschrittene und Business\" width=\"1024\" height=\"682\" \/><\/p>\n<p data-start=\"785\" data-end=\"851\"><a href=\"https:\/\/www.sprachschule-aktiv.com\/online-sprachkurse\/kontakt\/\"><img decoding=\"async\" class=\"alignnone size-full wp-image-105\" src=\"https:\/\/www.sprachschule-aktiv.com\/online-sprachkurse\/wp-content\/uploads\/2021\/09\/anfrage-sprachkurs.png\" alt=\"Sprachkurse online - Lernen Sprache online mit Sprachschule Aktiv\" width=\"164\" height=\"55\" \/><\/a><\/p>\n<hr data-start=\"853\" data-end=\"856\" \/>\n<h2 data-start=\"858\" data-end=\"909\">\ud83d\udca1 Warum einen Englisch-Onlinekurs w\u00e4hlen?<\/h2>\n<p data-start=\"911\" data-end=\"968\">Ein <strong data-start=\"915\" data-end=\"938\">Online-Englischkurs<\/strong> bietet zahlreiche Vorteile:<\/p>\n<p data-start=\"970\" data-end=\"1283\">\u2705 <strong data-start=\"972\" data-end=\"988\">Flexibilit\u00e4t<\/strong> \u2013 Lernen Sie bequem von zu Hause oder unterwegs.<br data-start=\"1037\" data-end=\"1040\" \/>\u2705 <strong data-start=\"1042\" data-end=\"1066\">Keine Anfahrtszeiten<\/strong> \u2013 Sparen Sie Zeit &amp; Geld f\u00fcr den Transport.<br data-start=\"1110\" data-end=\"1113\" \/>\u2705 <strong data-start=\"1115\" data-end=\"1140\">Individuelle Kurswahl<\/strong> \u2013 W\u00e4hlen Sie zwischen Gruppen-, Privat- oder Firmenkursen.<br data-start=\"1199\" data-end=\"1202\" \/>\u2705 <strong data-start=\"1204\" data-end=\"1236\">Muttersprachliche Lehrkr\u00e4fte<\/strong> \u2013 Authentisches Sprachenlernen mit Experten.<\/p>\n<p data-start=\"1285\" data-end=\"1346\">\ud83d\udccc <strong data-start=\"1288\" data-end=\"1344\">Perfekt f\u00fcr Berufst\u00e4tige, Studierende &amp; Unternehmen!<\/strong><\/p>\n<hr data-start=\"1348\" data-end=\"1351\" \/>\n<h2 data-start=\"1353\" data-end=\"1400\">\ud83d\udcca Welche Englischkurse bieten wir an?<\/h2>\n<p data-start=\"1402\" data-end=\"1499\">Unsere <strong data-start=\"1409\" data-end=\"1432\">Online-Sprachschule<\/strong> bietet verschiedene Kursmodelle f\u00fcr Anf\u00e4nger &amp; Fortgeschrittene:<\/p>\n<h3 data-start=\"1501\" data-end=\"1558\">1\ufe0f\u20e3 Englisch-Intensivkurse \u2013 Schnell &amp; effektiv<\/h3>\n<p data-start=\"1559\" data-end=\"1753\">\ud83d\udccc <strong data-start=\"1562\" data-end=\"1577\">Kurszeiten:<\/strong> Montag \u2013 Freitag, 09:00 \u2013 12:00 Uhr<br data-start=\"1613\" data-end=\"1616\" \/>\ud83d\udccc <strong data-start=\"1619\" data-end=\"1636\">Niveaustufen:<\/strong> A1 \u2013 C2 + Business Englisch<br data-start=\"1664\" data-end=\"1667\" \/>\ud83d\udccc <strong data-start=\"1670\" data-end=\"1684\">Kursdauer:<\/strong> 1 bis 4 Wochen<br data-start=\"1699\" data-end=\"1702\" \/>\ud83d\udccc <strong data-start=\"1705\" data-end=\"1722\">Starttermine:<\/strong> Jeden ersten Montag im Monat<\/p>\n<p data-start=\"1755\" data-end=\"1771\">\ud83d\udcb0 <strong data-start=\"1758\" data-end=\"1769\">Preise:<\/strong><\/p>\n<ul data-start=\"1772\" data-end=\"1866\">\n<li data-start=\"1772\" data-end=\"1794\"><strong data-start=\"1774\" data-end=\"1786\">1 Woche:<\/strong> 239 \u20ac<\/li>\n<li data-start=\"1795\" data-end=\"1818\"><strong data-start=\"1797\" data-end=\"1810\">2 Wochen:<\/strong> 439 \u20ac<\/li>\n<li data-start=\"1819\" data-end=\"1842\"><strong data-start=\"1821\" data-end=\"1834\">3 Wochen:<\/strong> 599 \u20ac<\/li>\n<li data-start=\"1843\" data-end=\"1866\"><strong data-start=\"1845\" data-end=\"1858\">4 Wochen:<\/strong> 749 \u20ac<\/li>\n<\/ul>\n<p data-start=\"1868\" data-end=\"1945\">\u2728 <strong data-start=\"1870\" data-end=\"1943\">Ideal f\u00fcr alle, die in kurzer Zeit gro\u00dfe Fortschritte machen m\u00f6chten!<\/strong><\/p>\n<p data-start=\"1868\" data-end=\"1945\"><a href=\"https:\/\/www.sprachschule-aktiv.com\/online-sprachkurse\/anmeldung-sprachschule\/\"><img decoding=\"async\" class=\"alignnone size-full wp-image-104\" src=\"https:\/\/www.sprachschule-aktiv.com\/online-sprachkurse\/wp-content\/uploads\/2021\/09\/jetzt-sprachkurs-buchen.png\" alt=\"Inscr\u00edbete en nuestros cursos online con Sprachschule Aktiv\" width=\"239\" height=\"62\" \/><\/a><\/p>\n<hr data-start=\"1947\" data-end=\"1950\" \/>\n<h3 data-start=\"1952\" data-end=\"2010\">2\ufe0f\u20e3 Englisch-Abendkurse \u2013 Lernen nach Feierabend<\/h3>\n<p data-start=\"2011\" data-end=\"2173\">\ud83d\udccc <strong data-start=\"2014\" data-end=\"2024\">Start:<\/strong> Jeden ersten Dienstag im Monat<br data-start=\"2055\" data-end=\"2058\" \/>\ud83d\udccc <strong data-start=\"2061\" data-end=\"2076\">Unterricht:<\/strong> 1x pro Woche (Dienstag, 19:00 \u2013 20:30 Uhr)<br data-start=\"2119\" data-end=\"2122\" \/>\ud83d\udccc <strong data-start=\"2125\" data-end=\"2139\">Kursdauer:<\/strong> 12 Wochen<br data-start=\"2149\" data-end=\"2152\" \/>\ud83d\udcb0 <strong data-start=\"2155\" data-end=\"2165\">Preis:<\/strong> 279 \u20ac<\/p>\n<p data-start=\"2175\" data-end=\"2227\">\u2728 <strong data-start=\"2177\" data-end=\"2225\">Perfekt f\u00fcr Berufst\u00e4tige &amp; Vielbesch\u00e4ftigte!<\/strong><\/p>\n<p data-start=\"2175\" data-end=\"2227\"><a href=\"https:\/\/www.sprachschule-aktiv.com\/online-sprachkurse\/anmeldung-sprachschule\/\"><img decoding=\"async\" class=\"alignnone size-full wp-image-104\" src=\"https:\/\/www.sprachschule-aktiv.com\/online-sprachkurse\/wp-content\/uploads\/2021\/09\/jetzt-sprachkurs-buchen.png\" alt=\"Inscr\u00edbete en nuestros cursos online con Sprachschule Aktiv\" width=\"239\" height=\"62\" \/><\/a><\/p>\n<hr data-start=\"2229\" data-end=\"2232\" \/>\n<h3 data-start=\"2234\" data-end=\"2289\">3\ufe0f\u20e3 Einzelunterricht \u2013 Flexibel &amp; individuell<\/h3>\n<p data-start=\"2290\" data-end=\"2394\">\ud83d\udccc <strong data-start=\"2293\" data-end=\"2337\">Individuelle Termine &amp; Dauer nach Wunsch<\/strong><br data-start=\"2337\" data-end=\"2340\" \/>\ud83d\udccc <strong data-start=\"2343\" data-end=\"2392\">1:1-Unterricht mit pers\u00f6nlichem Sprachtrainer<\/strong><\/p>\n<p data-start=\"2396\" data-end=\"2444\">\ud83d\udcb0 <strong data-start=\"2399\" data-end=\"2442\">Preise pro Unterrichtsstunde (45 Min.):<\/strong><\/p>\n<ul data-start=\"2445\" data-end=\"2531\">\n<li data-start=\"2445\" data-end=\"2473\"><strong data-start=\"2447\" data-end=\"2466\">1 \u2013 19 Stunden:<\/strong> 42 \u20ac<\/li>\n<li data-start=\"2474\" data-end=\"2503\"><strong data-start=\"2476\" data-end=\"2496\">20 \u2013 29 Stunden:<\/strong> 40 \u20ac<\/li>\n<li data-start=\"2504\" data-end=\"2531\"><strong data-start=\"2506\" data-end=\"2524\">Ab 30 Stunden:<\/strong> 38 \u20ac<\/li>\n<\/ul>\n<p data-start=\"2533\" data-end=\"2599\">\u2728 <strong data-start=\"2535\" data-end=\"2597\">Ideal f\u00fcr individuelles Lernen &amp; ma\u00dfgeschneiderte Inhalte!<\/strong><\/p>\n<p data-start=\"2601\" data-end=\"2691\">\ud83d\udca1 <strong data-start=\"2604\" data-end=\"2622\">Extra-Vorteil:<\/strong> <strong data-start=\"2623\" data-end=\"2660\">Bis zu zwei Freunde oder Kollegen<\/strong> k\u00f6nnen kostenlos teilnehmen!<\/p>\n<p data-start=\"2601\" data-end=\"2691\"><a href=\"https:\/\/www.sprachschule-aktiv.com\/online-sprachkurse\/anmeldung-sprachschule\/\"><img decoding=\"async\" class=\"alignnone size-full wp-image-104\" src=\"https:\/\/www.sprachschule-aktiv.com\/online-sprachkurse\/wp-content\/uploads\/2021\/09\/jetzt-sprachkurs-buchen.png\" alt=\"Inscr\u00edbete en nuestros cursos online con Sprachschule Aktiv\" width=\"239\" height=\"62\" \/><\/a><\/p>\n<hr data-start=\"2693\" data-end=\"2696\" \/>\n<h3 data-start=\"2698\" data-end=\"2759\">4\ufe0f\u20e3 Firmenkurse \u2013 Business-Englisch f\u00fcr Unternehmen<\/h3>\n<p data-start=\"2760\" data-end=\"2877\">\ud83d\udccc <strong data-start=\"2763\" data-end=\"2814\">Individuelle Starttermine &amp; flexible Kurszeiten<\/strong><br data-start=\"2814\" data-end=\"2817\" \/>\ud83d\udccc <strong data-start=\"2820\" data-end=\"2875\">Anpassung der Inhalte an Ihre Branche &amp; Bed\u00fcrfnisse<\/strong><\/p>\n<p data-start=\"2879\" data-end=\"2937\">\ud83d\udcb0 <strong data-start=\"2882\" data-end=\"2935\">Preise pro Unterrichtsstunde (1 \u2013 10 Teilnehmer):<\/strong><\/p>\n<ul data-start=\"2938\" data-end=\"2994\">\n<li data-start=\"2938\" data-end=\"2966\"><strong data-start=\"2940\" data-end=\"2959\">1 \u2013 29 Stunden:<\/strong> 49 \u20ac<\/li>\n<li data-start=\"2967\" data-end=\"2994\"><strong data-start=\"2969\" data-end=\"2987\">Ab 30 Stunden:<\/strong> 45 \u20ac<\/li>\n<\/ul>\n<p data-start=\"2996\" data-end=\"3063\">\ud83d\udccc <strong data-start=\"2999\" data-end=\"3061\">Jetzt individuelles Angebot f\u00fcr Ihr Unternehmen anfordern!<\/strong><\/p>\n<p data-start=\"2996\" data-end=\"3063\"><a href=\"https:\/\/www.sprachschule-aktiv.com\/online-sprachkurse\/anmeldung-sprachschule\/\"><img decoding=\"async\" class=\"alignnone size-full wp-image-104\" src=\"https:\/\/www.sprachschule-aktiv.com\/online-sprachkurse\/wp-content\/uploads\/2021\/09\/jetzt-sprachkurs-buchen.png\" alt=\"Inscr\u00edbete en nuestros cursos online con Sprachschule Aktiv\" width=\"239\" height=\"62\" \/><\/a><\/p>\n<hr data-start=\"3065\" data-end=\"3068\" \/>\n<h2 data-start=\"3070\" data-end=\"3119\">\ud83d\udcdc Offizielles Zertifikat nach Abschluss<\/h2>\n<p data-start=\"3121\" data-end=\"3299\">\ud83d\udccc <strong data-start=\"3124\" data-end=\"3184\">Nach erfolgreichem Abschluss erhalten Sie ein Zertifikat<\/strong>, das Ihre Englischkenntnisse gem\u00e4\u00df dem <strong data-start=\"3224\" data-end=\"3286\">Gemeinsamen Europ\u00e4ischen Referenzrahmen f\u00fcr Sprachen (GER)<\/strong> best\u00e4tigt.<\/p>\n<p data-start=\"3301\" data-end=\"3490\">\u2705 <strong data-start=\"3303\" data-end=\"3314\">A1 &amp; A2<\/strong> \u2013 Grundlagen &amp; einfache Gespr\u00e4che<br data-start=\"3348\" data-end=\"3351\" \/>\u2705 <strong data-start=\"3353\" data-end=\"3364\">B1 &amp; B2<\/strong> \u2013 Selbstst\u00e4ndige Sprachverwendung f\u00fcr Alltag &amp; Beruf<br data-start=\"3417\" data-end=\"3420\" \/>\u2705 <strong data-start=\"3422\" data-end=\"3433\">C1 &amp; C2<\/strong> \u2013 Flie\u00dfende Sprachbeherrschung auf akademischem Niveau<\/p>\n<p data-start=\"3492\" data-end=\"3562\">\ud83d\udccc <strong data-start=\"3495\" data-end=\"3560\">Kostenloser Einstufungstest verf\u00fcgbar \u2013 Finden Sie Ihr Level!<\/strong><\/p>\n<hr data-start=\"3564\" data-end=\"3567\" \/>\n<h2 data-start=\"3569\" data-end=\"3626\">\ud83c\udf81 Kostenlose Probestunde &amp; Geld-zur\u00fcck-Garantie<\/h2>\n<p data-start=\"3628\" data-end=\"3718\">\u2705 <strong data-start=\"3630\" data-end=\"3680\">Gratis Schnupperstunde \u2013 unverbindlich testen!<\/strong><br data-start=\"3680\" data-end=\"3683\" \/>\u2705 <strong data-start=\"3685\" data-end=\"3716\">100 % Geld-zur\u00fcck-Garantie:<\/strong><\/p>\n<ul data-start=\"3722\" data-end=\"3814\">\n<li data-start=\"3722\" data-end=\"3814\">Falls Sie nach der ersten Stunde nicht zufrieden sind, <strong data-start=\"3779\" data-end=\"3811\">erhalten Sie Ihr Geld zur\u00fcck<\/strong>.<\/li>\n<\/ul>\n<p data-start=\"3816\" data-end=\"3865\">\ud83d\udccc <strong data-start=\"3819\" data-end=\"3863\">Jetzt anmelden &amp; Englisch online lernen!<\/strong><\/p>\n<hr data-start=\"3867\" data-end=\"3870\" \/>\n<h2 data-start=\"3872\" data-end=\"3927\">\ud83d\udcbb Technische Anforderungen f\u00fcr den Onlinekurs<\/h2>\n<p data-start=\"3929\" data-end=\"3974\">\ud83d\udd39 <strong data-start=\"3932\" data-end=\"3972\">Welche Ger\u00e4te k\u00f6nnen genutzt werden?<\/strong><\/p>\n<ul data-start=\"3975\" data-end=\"4068\">\n<li data-start=\"3975\" data-end=\"4013\">Laptop, PC, Tablet oder Smartphone<\/li>\n<li data-start=\"4014\" data-end=\"4068\">Webcam &amp; Mikrofon f\u00fcr interaktiven Live-Unterricht<\/li>\n<\/ul>\n<p data-start=\"4070\" data-end=\"4110\">\ud83d\udd39 <strong data-start=\"4073\" data-end=\"4108\">Wie funktioniert die Anmeldung?<\/strong><\/p>\n<ul data-start=\"4111\" data-end=\"4247\">\n<li data-start=\"4111\" data-end=\"4175\">Vor Kursbeginn erhalten Sie alle Infos zur Online-Plattform.<\/li>\n<li data-start=\"4176\" data-end=\"4247\">Falls technische Fragen auftreten, steht unser Support-Team bereit.<\/li>\n<\/ul>\n<p data-start=\"4249\" data-end=\"4337\">\ud83d\udccc <strong data-start=\"4252\" data-end=\"4335\">Sie ben\u00f6tigen nur eine stabile Internetverbindung \u2013 und schon kann es losgehen!<\/strong><\/p>\n<p>[\/vc_column_text][\/vc_column][\/vc_row]<\/p>\n","protected":false},"excerpt":{"rendered":"<p>[vc_row][vc_column][vc_column_text] \ud83d\udcda Englisch lernen online \u2013 Sprachkurse f\u00fcr alle Niveaustufen M\u00f6chten Sie Englisch online lernen \u2013 flexibel, interaktiv und mit muttersprachlichen Lehrkr\u00e4ften?Unsere Englisch-Onlinekurse bieten Ihnen eine effektive und praxisnahe M\u00f6glichkeit, Ihre Sprachkenntnisse auf jedem Niveau (A1 \u2013 C2) zu verbessern \u2013 ob f\u00fcr den Alltag, den Beruf oder spezielle Business-Anforderungen. \u2705 Englisch lernen von A1&hellip; <a class=\"read-more\" href=\"https:\/\/www.sprachschule-aktiv.com\/online-sprachkurse\/onlinekurse-englisch-fuer-anfaenger-fortgeschrittene-und-business\/\" title=\"Read Onlinekurse Englisch &#8211; f\u00fcr Anf\u00e4nger, Fortgeschrittene und Business\">Read more &raquo;<\/a><\/p>\n","protected":false},"author":1,"featured_media":0,"parent":0,"menu_order":0,"comment_status":"closed","ping_status":"closed","template":"","meta":{"footnotes":""},"class_list":["post-129","page","type-page","status-publish","hentry"],"yoast_head":"<!-- This site is optimized with the Yoast SEO plugin v27.1.1 - https:\/\/yoast.com\/product\/yoast-seo-wordpress\/ -->\n<title>Englisch lernen online \u2013 Sprachkurse f\u00fcr A1 \u2013 C2 &amp; Business<\/title>\n<meta name=\"description\" content=\"Lernen Sie Englisch online \u2013 mit Muttersprachlern! Intensiv-, Abend- &amp; Privatkurse (A1 \u2013 C2). Gratis Einstufungstest &amp; Probestunde. Jetzt starten!\" \/>\n<meta name=\"robots\" content=\"index, follow, max-snippet:-1, max-image-preview:large, max-video-preview:-1\" \/>\n<link rel=\"canonical\" href=\"https:\/\/www.sprachschule-aktiv.com\/online-sprachkurse\/onlinekurse-englisch-fuer-anfaenger-fortgeschrittene-und-business\/\" \/>\n<meta property=\"og:locale\" content=\"de_DE\" \/>\n<meta property=\"og:type\" content=\"article\" \/>\n<meta property=\"og:title\" content=\"Englisch lernen online \u2013 Sprachkurse f\u00fcr A1 \u2013 C2 &amp; Business\" \/>\n<meta property=\"og:description\" content=\"Lernen Sie Englisch online \u2013 mit Muttersprachlern! Intensiv-, Abend- &amp; Privatkurse (A1 \u2013 C2). Gratis Einstufungstest &amp; Probestunde. Jetzt starten!\" \/>\n<meta property=\"og:url\" content=\"https:\/\/www.sprachschule-aktiv.com\/online-sprachkurse\/onlinekurse-englisch-fuer-anfaenger-fortgeschrittene-und-business\/\" \/>\n<meta property=\"og:site_name\" content=\"Online Sprachkurse\" \/>\n<meta property=\"article:modified_time\" content=\"2025-03-08T06:04:23+00:00\" \/>\n<meta name=\"twitter:card\" content=\"summary_large_image\" \/>\n<meta name=\"twitter:label1\" content=\"Gesch\u00e4tzte Lesezeit\" \/>\n\t<meta name=\"twitter:data1\" content=\"4\u00a0Minuten\" \/>\n<script type=\"application\/ld+json\" class=\"yoast-schema-graph\">{\"@context\":\"https:\/\/schema.org\",\"@graph\":[{\"@type\":\"WebPage\",\"@id\":\"https:\/\/www.sprachschule-aktiv.com\/online-sprachkurse\/onlinekurse-englisch-fuer-anfaenger-fortgeschrittene-und-business\/\",\"url\":\"https:\/\/www.sprachschule-aktiv.com\/online-sprachkurse\/onlinekurse-englisch-fuer-anfaenger-fortgeschrittene-und-business\/\",\"name\":\"Englisch lernen online \u2013 Sprachkurse f\u00fcr A1 \u2013 C2 & Business\",\"isPartOf\":{\"@id\":\"https:\/\/www.sprachschule-aktiv.com\/online-sprachkurse\/#website\"},\"primaryImageOfPage\":{\"@id\":\"https:\/\/www.sprachschule-aktiv.com\/online-sprachkurse\/onlinekurse-englisch-fuer-anfaenger-fortgeschrittene-und-business\/#primaryimage\"},\"image\":{\"@id\":\"https:\/\/www.sprachschule-aktiv.com\/online-sprachkurse\/onlinekurse-englisch-fuer-anfaenger-fortgeschrittene-und-business\/#primaryimage\"},\"thumbnailUrl\":\"https:\/\/www.sprachschule-aktiv.com\/wp-content\/uploads\/2021\/03\/onlinekurse-englisch-fuer-anfaenger-fortgeschrittene-und-business-1024x682.jpg\",\"datePublished\":\"2021-09-16T06:37:05+00:00\",\"dateModified\":\"2025-03-08T06:04:23+00:00\",\"description\":\"Lernen Sie Englisch online \u2013 mit Muttersprachlern! Intensiv-, Abend- & Privatkurse (A1 \u2013 C2). Gratis Einstufungstest & Probestunde. Jetzt starten!\",\"breadcrumb\":{\"@id\":\"https:\/\/www.sprachschule-aktiv.com\/online-sprachkurse\/onlinekurse-englisch-fuer-anfaenger-fortgeschrittene-und-business\/#breadcrumb\"},\"inLanguage\":\"de\",\"potentialAction\":[{\"@type\":\"ReadAction\",\"target\":[\"https:\/\/www.sprachschule-aktiv.com\/online-sprachkurse\/onlinekurse-englisch-fuer-anfaenger-fortgeschrittene-und-business\/\"]}]},{\"@type\":\"ImageObject\",\"inLanguage\":\"de\",\"@id\":\"https:\/\/www.sprachschule-aktiv.com\/online-sprachkurse\/onlinekurse-englisch-fuer-anfaenger-fortgeschrittene-und-business\/#primaryimage\",\"url\":\"https:\/\/www.sprachschule-aktiv.com\/wp-content\/uploads\/2021\/03\/onlinekurse-englisch-fuer-anfaenger-fortgeschrittene-und-business-1024x682.jpg\",\"contentUrl\":\"https:\/\/www.sprachschule-aktiv.com\/wp-content\/uploads\/2021\/03\/onlinekurse-englisch-fuer-anfaenger-fortgeschrittene-und-business-1024x682.jpg\"},{\"@type\":\"BreadcrumbList\",\"@id\":\"https:\/\/www.sprachschule-aktiv.com\/online-sprachkurse\/onlinekurse-englisch-fuer-anfaenger-fortgeschrittene-und-business\/#breadcrumb\",\"itemListElement\":[{\"@type\":\"ListItem\",\"position\":1,\"name\":\"Startseite\",\"item\":\"https:\/\/www.sprachschule-aktiv.com\/online-sprachkurse\/\"},{\"@type\":\"ListItem\",\"position\":2,\"name\":\"Onlinekurse Englisch &#8211; f\u00fcr Anf\u00e4nger, Fortgeschrittene und Business\"}]},{\"@type\":\"WebSite\",\"@id\":\"https:\/\/www.sprachschule-aktiv.com\/online-sprachkurse\/#website\",\"url\":\"https:\/\/www.sprachschule-aktiv.com\/online-sprachkurse\/\",\"name\":\"Online Sprachkurse\",\"description\":\"\",\"potentialAction\":[{\"@type\":\"SearchAction\",\"target\":{\"@type\":\"EntryPoint\",\"urlTemplate\":\"https:\/\/www.sprachschule-aktiv.com\/online-sprachkurse\/?s={search_term_string}\"},\"query-input\":{\"@type\":\"PropertyValueSpecification\",\"valueRequired\":true,\"valueName\":\"search_term_string\"}}],\"inLanguage\":\"de\"}]}<\/script>\n<!-- \/ Yoast SEO plugin. -->","yoast_head_json":{"title":"Englisch lernen online \u2013 Sprachkurse f\u00fcr A1 \u2013 C2 & Business","description":"Lernen Sie Englisch online \u2013 mit Muttersprachlern! Intensiv-, Abend- & Privatkurse (A1 \u2013 C2). Gratis Einstufungstest & Probestunde. Jetzt starten!","robots":{"index":"index","follow":"follow","max-snippet":"max-snippet:-1","max-image-preview":"max-image-preview:large","max-video-preview":"max-video-preview:-1"},"canonical":"https:\/\/www.sprachschule-aktiv.com\/online-sprachkurse\/onlinekurse-englisch-fuer-anfaenger-fortgeschrittene-und-business\/","og_locale":"de_DE","og_type":"article","og_title":"Englisch lernen online \u2013 Sprachkurse f\u00fcr A1 \u2013 C2 & Business","og_description":"Lernen Sie Englisch online \u2013 mit Muttersprachlern! Intensiv-, Abend- & Privatkurse (A1 \u2013 C2). Gratis Einstufungstest & Probestunde. Jetzt starten!","og_url":"https:\/\/www.sprachschule-aktiv.com\/online-sprachkurse\/onlinekurse-englisch-fuer-anfaenger-fortgeschrittene-und-business\/","og_site_name":"Online Sprachkurse","article_modified_time":"2025-03-08T06:04:23+00:00","twitter_card":"summary_large_image","twitter_misc":{"Gesch\u00e4tzte Lesezeit":"4\u00a0Minuten"},"schema":{"@context":"https:\/\/schema.org","@graph":[{"@type":"WebPage","@id":"https:\/\/www.sprachschule-aktiv.com\/online-sprachkurse\/onlinekurse-englisch-fuer-anfaenger-fortgeschrittene-und-business\/","url":"https:\/\/www.sprachschule-aktiv.com\/online-sprachkurse\/onlinekurse-englisch-fuer-anfaenger-fortgeschrittene-und-business\/","name":"Englisch lernen online \u2013 Sprachkurse f\u00fcr A1 \u2013 C2 & Business","isPartOf":{"@id":"https:\/\/www.sprachschule-aktiv.com\/online-sprachkurse\/#website"},"primaryImageOfPage":{"@id":"https:\/\/www.sprachschule-aktiv.com\/online-sprachkurse\/onlinekurse-englisch-fuer-anfaenger-fortgeschrittene-und-business\/#primaryimage"},"image":{"@id":"https:\/\/www.sprachschule-aktiv.com\/online-sprachkurse\/onlinekurse-englisch-fuer-anfaenger-fortgeschrittene-und-business\/#primaryimage"},"thumbnailUrl":"https:\/\/www.sprachschule-aktiv.com\/wp-content\/uploads\/2021\/03\/onlinekurse-englisch-fuer-anfaenger-fortgeschrittene-und-business-1024x682.jpg","datePublished":"2021-09-16T06:37:05+00:00","dateModified":"2025-03-08T06:04:23+00:00","description":"Lernen Sie Englisch online \u2013 mit Muttersprachlern! Intensiv-, Abend- & Privatkurse (A1 \u2013 C2). Gratis Einstufungstest & Probestunde. Jetzt starten!","breadcrumb":{"@id":"https:\/\/www.sprachschule-aktiv.com\/online-sprachkurse\/onlinekurse-englisch-fuer-anfaenger-fortgeschrittene-und-business\/#breadcrumb"},"inLanguage":"de","potentialAction":[{"@type":"ReadAction","target":["https:\/\/www.sprachschule-aktiv.com\/online-sprachkurse\/onlinekurse-englisch-fuer-anfaenger-fortgeschrittene-und-business\/"]}]},{"@type":"ImageObject","inLanguage":"de","@id":"https:\/\/www.sprachschule-aktiv.com\/online-sprachkurse\/onlinekurse-englisch-fuer-anfaenger-fortgeschrittene-und-business\/#primaryimage","url":"https:\/\/www.sprachschule-aktiv.com\/wp-content\/uploads\/2021\/03\/onlinekurse-englisch-fuer-anfaenger-fortgeschrittene-und-business-1024x682.jpg","contentUrl":"https:\/\/www.sprachschule-aktiv.com\/wp-content\/uploads\/2021\/03\/onlinekurse-englisch-fuer-anfaenger-fortgeschrittene-und-business-1024x682.jpg"},{"@type":"BreadcrumbList","@id":"https:\/\/www.sprachschule-aktiv.com\/online-sprachkurse\/onlinekurse-englisch-fuer-anfaenger-fortgeschrittene-und-business\/#breadcrumb","itemListElement":[{"@type":"ListItem","position":1,"name":"Startseite","item":"https:\/\/www.sprachschule-aktiv.com\/online-sprachkurse\/"},{"@type":"ListItem","position":2,"name":"Onlinekurse Englisch &#8211; f\u00fcr Anf\u00e4nger, Fortgeschrittene und Business"}]},{"@type":"WebSite","@id":"https:\/\/www.sprachschule-aktiv.com\/online-sprachkurse\/#website","url":"https:\/\/www.sprachschule-aktiv.com\/online-sprachkurse\/","name":"Online Sprachkurse","description":"","potentialAction":[{"@type":"SearchAction","target":{"@type":"EntryPoint","urlTemplate":"https:\/\/www.sprachschule-aktiv.com\/online-sprachkurse\/?s={search_term_string}"},"query-input":{"@type":"PropertyValueSpecification","valueRequired":true,"valueName":"search_term_string"}}],"inLanguage":"de"}]}},"_links":{"self":[{"href":"https:\/\/www.sprachschule-aktiv.com\/online-sprachkurse\/wp-json\/wp\/v2\/pages\/129","targetHints":{"allow":["GET"]}}],"collection":[{"href":"https:\/\/www.sprachschule-aktiv.com\/online-sprachkurse\/wp-json\/wp\/v2\/pages"}],"about":[{"href":"https:\/\/www.sprachschule-aktiv.com\/online-sprachkurse\/wp-json\/wp\/v2\/types\/page"}],"author":[{"embeddable":true,"href":"https:\/\/www.sprachschule-aktiv.com\/online-sprachkurse\/wp-json\/wp\/v2\/users\/1"}],"replies":[{"embeddable":true,"href":"https:\/\/www.sprachschule-aktiv.com\/online-sprachkurse\/wp-json\/wp\/v2\/comments?post=129"}],"version-history":[{"count":4,"href":"https:\/\/www.sprachschule-aktiv.com\/online-sprachkurse\/wp-json\/wp\/v2\/pages\/129\/revisions"}],"predecessor-version":[{"id":2288,"href":"https:\/\/www.sprachschule-aktiv.com\/online-sprachkurse\/wp-json\/wp\/v2\/pages\/129\/revisions\/2288"}],"wp:attachment":[{"href":"https:\/\/www.sprachschule-aktiv.com\/online-sprachkurse\/wp-json\/wp\/v2\/media?parent=129"}],"curies":[{"name":"wp","href":"https:\/\/api.w.org\/{rel}","templated":true}]}}